{"id":1608,"date":"2020-07-31T01:23:04","date_gmt":"2020-07-30T18:23:04","guid":{"rendered":"https:\/\/noithatdinhchinh.vn\/?post_type=product&#038;p=1608"},"modified":"2020-07-31T01:31:58","modified_gmt":"2020-07-30T18:31:58","slug":"tu-dau-giuong-mau-4","status":"publish","type":"product","link":"https:\/\/noithatdinhchinh.vn\/?product=tu-dau-giuong-mau-4","title":{"rendered":"T\u1ee7 \u0110\u1ea7u Gi\u01b0\u1eddng M\u1eabu 4"},"content":{"rendered":"<h2 style=\"text-align: center;\"><span style=\"color: #ff0000;\">T\u1ee6 G\u1ed6 \u0110\u1ec2 \u0110\u1ea6U GI\u01af\u1edcNG &#8211; N\u1ed8I TH\u1ea4T G\u1ed6 UY T\u00cdN T\u1ea0I B\u00ccNH D\u01af\u01a0NG\u00a0<\/span><\/h2>\n<p>T\u1ee7 g\u1ed7 \u0111\u1ec3 \u0111\u1ea7u gi\u01b0\u1eddng hi\u1ec7n nay \u0111\u00e3 tr\u1edf th\u00e0nh m\u1ed9t trong c\u00e1c m\u00f3n \u0111\u1ed3 n\u1ed9i th\u1ea5t ph\u00f2ng ng\u1ee7 c\u1ea7n thi\u1ebft. Gi\u00fap t\u0103ng th\u00eam v\u1ebb sang tr\u1ecdng cho kh\u00f4ng gian ph\u00f2ng ng\u1ee7 gia \u0111\u00ecnh Vi\u1ec7t. B\u1edfi ki\u1ec3u d\u00e1ng hi\u1ec7n \u0111\u1ea1i, nh\u1ecf g\u1ecdn m\u00e0 v\u00f4 c\u00f9ng sang tr\u1ecdng. Kh\u00f4ng nh\u1eefng v\u1eady, t\u1ee7 \u0111\u1ea7u gi\u01b0\u1eddng c\u00f2n \u0111em l\u1ea1i r\u1ea5t nhi\u1ec1u l\u1ee3i \u00edch cho ng\u01b0\u1eddi s\u1eed d\u1ee5ng.<\/p>\n<p>N\u1ed9i th\u1ea5t \u0110\u00ecnh Chinh mang \u0111\u1ebfn nh\u1eefng m\u1eabu t\u1ee7 \u0111\u1ea7u gi\u01b0\u1eddng \u0111\u1eb9p, hi\u1ec7n \u0111\u1ea1i v\u00e0 \u0111ang \u0111\u01b0\u1ee3c \u01b0a chu\u1ed9ng tr\u00ean th\u1ecb tr\u01b0\u1eddng. V\u1edbi nhi\u1ec1u s\u1ea3n ph\u1ea9m c\u00f3 ki\u1ec3u d\u00e1ng \u0111a d\u1ea1ng, ph\u00f9 h\u1ee3p v\u1edbi h\u1ea7u h\u1ebft c\u00e1c ki\u1ec3u thi\u1ebft k\u1ebf n\u1ed9i th\u1ea5t ph\u00f2ng ng\u1ee7 gia \u0111\u00ecnh.<\/p>\n<figure id=\"attachment_1612\" aria-describedby=\"caption-attachment-1612\" style=\"width: 600px\" class=\"wp-caption aligncenter\"><img decoding=\"async\" loading=\"lazy\" class=\"wp-image-1612 size-full\" src=\"https:\/\/noithatdinhchinh.vn\/wp-content\/uploads\/2020\/07\/tu-go-de-dau-giuong-dep.jpg\" alt=\"T\u1ee7 G\u1ed7 \u0110\u1ec3 \u0110\u1ea7u Gi\u01b0\u1eddng \u0110\u1eb9p\" width=\"600\" height=\"600\" srcset=\"https:\/\/noithatdinhchinh.vn\/wp-content\/uploads\/2020\/07\/tu-go-de-dau-giuong-dep.jpg 600w, https:\/\/noithatdinhchinh.vn\/wp-content\/uploads\/2020\/07\/tu-go-de-dau-giuong-dep-300x300.jpg 300w, https:\/\/noithatdinhchinh.vn\/wp-content\/uploads\/2020\/07\/tu-go-de-dau-giuong-dep-100x100.jpg 100w, https:\/\/noithatdinhchinh.vn\/wp-content\/uploads\/2020\/07\/tu-go-de-dau-giuong-dep-400x400.jpg 400w, https:\/\/noithatdinhchinh.vn\/wp-content\/uploads\/2020\/07\/tu-go-de-dau-giuong-dep-280x280.jpg 280w\" sizes=\"(max-width: 600px) 100vw, 600px\" \/><figcaption id=\"caption-attachment-1612\" class=\"wp-caption-text\">T\u1ee7 G\u1ed7 \u0110\u1ec3 \u0110\u1ea7u Gi\u01b0\u1eddng \u0110\u1eb9p<\/figcaption><\/figure>\n<h2 style=\"text-align: center;\"><span style=\"color: #000080;\">L\u1ee2I \u00cdCH C\u1ee6A S\u1ea2N PH\u1ea8M T\u1ee6 G\u1ed6 \u0110\u1ec2 \u0110\u1ea6U GI\u01af\u1edcNG<\/span><\/h2>\n<h3><span style=\"color: #008000;\"><em>T\u1ee7 \u0111\u1ec3 \u0111\u1ea7u gi\u01b0\u1eddng \u0111\u01b0\u1ee3c l\u00e0m b\u1eb1ng ch\u1ea5t li\u1ec7u g\u1ed7 t\u1ef1 nhi\u00ean \u0111\u1eb9p, b\u1ec1n, ch\u1eafc.<\/em><\/span><\/h3>\n<p>K\u1ec7 t\u1ee7 \u0111\u1ea7u gi\u01b0\u1eddng l\u00e0m b\u1eb1ng ch\u1ea5t li\u1ec7u g\u1ed7 t\u1ef1 nhi\u00ean nh\u01b0 g\u1ed7 s\u1ed3i, g\u1ed7 \u00f3c ch\u00f3, g\u1ed7 \u0111\u1ecf,&#8230;Mang \u0111\u1ebfn s\u1ef1 ch\u1eafc ch\u1eafn cho s\u1ea3n ph\u1ea9m, h\u1ea1n ch\u1ebf s\u1ef1 cong v\u00eanh, m\u1ecdt m\u1ed1i. T\u1ee7 \u0111\u1ea7u gi\u01b0\u1eddng b\u1eb1ng ch\u1ea5t li\u1ec7u g\u1ed7 t\u1ef1 nhi\u00ean c\u00f3 tu\u1ed5i th\u1ecd cao, b\u1ec1n v\u1edbi th\u1eddi gian.<\/p>\n<p>V\u1edbi nhi\u1ec1u n\u0103m kinh nghi\u1ec7m trong ngh\u1ec1, s\u1edf h\u1eefu \u0111\u1ed9i ng\u0169 th\u1ee3 c\u00f3 tay ngh\u1ec1 cao, c\u1ea9n th\u1eadn, t\u1ec9 m\u1ec9 trong c\u00e1c giai \u0111o\u1ea1n. N\u1ed9i Th\u1ea5t \u0110\u00ecnh Chinh mang \u0111\u1ebfn tay kh\u00e1ch h\u00e0ng nh\u1eefng chi\u1ebfc t\u1ee7 \u0111\u1ea7u gi\u01b0\u1eddng b\u1eb1ng g\u1ed7 c\u00f3 ch\u1ea5t l\u01b0\u1ee3ng t\u1ed1t nh\u1ea5t.<\/p>\n<h3><span style=\"color: #008000;\"><em>T\u1ee7 \u0111\u1ea7u gi\u01b0\u1eddng \u0111\u1eb9p v\u1edbi ki\u1ec3u d\u00e1ng \u0111a d\u1ea1ng, ph\u00f9 h\u1ee3p v\u1edbi n\u1ed9i th\u1ea5t ph\u00f2ng ng\u1ee7 c\u1ee7a c\u00e1c gia \u0111\u00ecnh Vi\u1ec7t.<\/em><\/span><\/h3>\n<p>T\u1ee7 \u0111\u1ea7u gi\u01b0\u1eddng b\u1eb1ng g\u1ed7 \u0111\u1eb9p \u0111a dang v\u00e0 phong ph\u00fa v\u1ec1 ki\u1ec3u d\u00e1ng. \u0110\u01b0\u1ee3c thi\u1ebft k\u1ebf v\u1edbi phong c\u00e1ch c\u1ed5 \u0111i\u1ec3n, hi\u1ec7n \u0111\u1ea1i. V\u1edbi nh\u1eefng \u0111\u01b0\u1eddng v\u00e2n g\u1ed7 m\u1ed9c m\u1ea1c, t\u1ef1 nhi\u00ean. S\u1ea3n ph\u1ea9m s\u1edf h\u1eefu v\u1ebb \u0111\u1eb9p tinh t\u1ebf m\u00e0 c\u00e1c s\u1ea3n ph\u1ea9m c\u00f9ng lo\u1ea1i \u0111\u01b0\u1ee3c l\u00e0m b\u1eb1ng c\u00e1c ch\u1ea5t li\u1ec7u kh\u00e1c kh\u00f4ng c\u00f3 \u0111\u01b0\u1ee3c.<\/p>\n<p>C\u00f3 nh\u1eefng s\u1ea3n ph\u1ea9m t\u1ee7 \u0111\u1ea7u gi\u01b0\u1eddng \u0111\u01b0\u1ee3c thi\u1ebft k\u1ebf theo h\u01b0\u1edbng \u0111\u01a1n gi\u1ea3n h\u00f3a. \u0110\u01b0\u1ee3c b\u1ecf b\u1edbt c\u00e1c chi ti\u1ebft ph\u1ee9c t\u1ea1p. Nh\u1eb1m mang \u0111\u1ebfn s\u1ea3n ph\u1ea9m \u0111\u01a1n gi\u1ea3n, tinh t\u1ebf, mang l\u1ea1i s\u1ef1 h\u00e0i h\u00f2a t\u1ed1i \u0111a v\u1ec1 t\u1ed5ng th\u1ec3.<\/p>\n<figure id=\"attachment_1609\" aria-describedby=\"caption-attachment-1609\" style=\"width: 600px\" class=\"wp-caption aligncenter\"><img decoding=\"async\" loading=\"lazy\" class=\"wp-image-1609 size-full\" src=\"https:\/\/noithatdinhchinh.vn\/wp-content\/uploads\/2020\/07\/cung-cap-noi-that-phong-ngu-dep.jpg\" alt=\"Cung C\u1ea5p N\u1ed9i Th\u1ea5t Ph\u00f2ng Ng\u1ee7 \u0110\u1eb9p\" width=\"600\" height=\"600\" srcset=\"https:\/\/noithatdinhchinh.vn\/wp-content\/uploads\/2020\/07\/cung-cap-noi-that-phong-ngu-dep.jpg 600w, https:\/\/noithatdinhchinh.vn\/wp-content\/uploads\/2020\/07\/cung-cap-noi-that-phong-ngu-dep-300x300.jpg 300w, https:\/\/noithatdinhchinh.vn\/wp-content\/uploads\/2020\/07\/cung-cap-noi-that-phong-ngu-dep-100x100.jpg 100w, https:\/\/noithatdinhchinh.vn\/wp-content\/uploads\/2020\/07\/cung-cap-noi-that-phong-ngu-dep-400x400.jpg 400w, https:\/\/noithatdinhchinh.vn\/wp-content\/uploads\/2020\/07\/cung-cap-noi-that-phong-ngu-dep-280x280.jpg 280w\" sizes=\"(max-width: 600px) 100vw, 600px\" \/><figcaption id=\"caption-attachment-1609\" class=\"wp-caption-text\">Cung C\u1ea5p N\u1ed9i Th\u1ea5t Ph\u00f2ng Ng\u1ee7 \u0110\u1eb9p<\/figcaption><\/figure>\n<h3><em><span style=\"color: #008000;\">T\u1ee7 g\u1ed7 k\u00ea \u0111\u1ea7u gi\u01b0\u1eddng mang \u0111\u1ebfn s\u1ef1 sang tr\u1ecdng, l\u1ecbch l\u00e3m.<\/span><\/em><\/h3>\n<p>V\u1edbi nh\u1eefng m\u00e0u s\u1eafc t\u1ef1 nhi\u00ean, gi\u1ea3n d\u1ecb, t\u1ee7 g\u1ed7 \u0111\u1ea7u gi\u01b0\u1eddng mang \u0111\u1ebfn s\u1ef1 sang tr\u1ecdng, l\u1ecbch l\u00e3m. L\u00e0m n\u1ed5i b\u1eadt l\u00ean n\u1ed9i th\u1ea5t kh\u00f4ng gian ph\u00f2ng ng\u1ee7. Thu h\u00fat m\u1ecdi ng\u01b0\u1eddi ngay t\u1eeb c\u00e1i nh\u00ecn \u0111\u1ea7u ti\u00ean.<\/p>\n<h3><span style=\"color: #008000;\"><em>T\u1ee7 g\u1ed7 \u0111\u1ea7u gi\u01b0\u1eddng gi\u00e1 r\u1ebb thi\u1ebft k\u1ebf nh\u1ecf g\u1ecdn, ph\u00f9 h\u1ee3p v\u1edbi m\u1ecdi kh\u00f4ng gian ph\u00f2ng ng\u1ee7 gia \u0111\u00ecnh.<\/em><\/span><\/h3>\n<p>T\u1ee7 \u0111\u1ea7u gi\u01b0\u1eddng c\u00f3 k\u00edch th\u01b0\u1edbc nh\u1ecf g\u1ecdn. V\u00ec v\u1eady m\u00e0 b\u1ea1n \u0111ang \u1edf nh\u00e0 nh\u1ecf hay l\u1edbn, bi\u1ec7t th\u1ef1 r\u1ed9ng r\u00e3i hay c\u0103n h\u1ed9 chung c\u01b0 khi\u00eam t\u1ed1n v\u1ec1 di\u1ec7n t\u00edch. Th\u00ec v\u1eabn c\u00f3 th\u1ec3 l\u1ef1a ch\u1ecdn s\u1ea3n ph\u1ea9m l\u00e0m n\u1ed9i th\u1ea5t cho ph\u00f2ng ng\u1ee7.<\/p>\n<figure id=\"attachment_1611\" aria-describedby=\"caption-attachment-1611\" style=\"width: 600px\" class=\"wp-caption aligncenter\"><img decoding=\"async\" loading=\"lazy\" class=\"wp-image-1611 size-full\" src=\"https:\/\/noithatdinhchinh.vn\/wp-content\/uploads\/2020\/07\/tu-dau-giuong-go-sang-trong.jpg\" alt=\"T\u1ee7 \u0110\u1ea7u Gi\u01b0\u1eddng G\u1ed7 Sang Tr\u1ecdng\" width=\"600\" height=\"600\" srcset=\"https:\/\/noithatdinhchinh.vn\/wp-content\/uploads\/2020\/07\/tu-dau-giuong-go-sang-trong.jpg 600w, https:\/\/noithatdinhchinh.vn\/wp-content\/uploads\/2020\/07\/tu-dau-giuong-go-sang-trong-300x300.jpg 300w, https:\/\/noithatdinhchinh.vn\/wp-content\/uploads\/2020\/07\/tu-dau-giuong-go-sang-trong-100x100.jpg 100w, https:\/\/noithatdinhchinh.vn\/wp-content\/uploads\/2020\/07\/tu-dau-giuong-go-sang-trong-400x400.jpg 400w, https:\/\/noithatdinhchinh.vn\/wp-content\/uploads\/2020\/07\/tu-dau-giuong-go-sang-trong-280x280.jpg 280w\" sizes=\"(max-width: 600px) 100vw, 600px\" \/><figcaption id=\"caption-attachment-1611\" class=\"wp-caption-text\">T\u1ee7 \u0110\u1ea7u Gi\u01b0\u1eddng G\u1ed7 Sang Tr\u1ecdng<\/figcaption><\/figure>\n<h3><span style=\"color: #008000;\"><em>T\u1ee7 g\u1ed7 \u0111\u1ea7u gi\u01b0\u1eddng mini mang \u0111\u1ebfn s\u1ef1 ti\u1ec7n l\u1ee3i cho ng\u01b0\u1eddi d\u00f9ng.<\/em><\/span><\/h3>\n<p>T\u1ee7 gi\u00fap b\u1ea1n l\u01b0u gi\u1eef nh\u1eefng v\u1eadt d\u1ee5ng nh\u1ecf nh\u01b0 v\u1ec9 thu\u1ed1c, l\u1ecd d\u1ea7u gi\u00f3, \u0111i\u1ec7n tho\u1ea1i,&#8230;Hay nh\u1eefng v\u1eadt d\u1ee5ng c\u00e1 nh\u00e2n kh\u00e1c m\u00e0 b\u1ea1n c\u00f3 th\u1ec3 l\u1ea5y v\u00e0 c\u1ea5t m\u1ed9t c\u00e1ch d\u1ec5 d\u00e0ng.<\/p>\n<p>Kh\u00f4ng nh\u1eefng v\u1eady, t\u1ee7 \u0111\u1ea7u gi\u01b0\u1eddng c\u00f2n \u0111\u01b0\u1ee3c c\u00e1c gia ch\u1ee7 t\u1eadn d\u1ee5ng nh\u01b0 m\u1ed9t chi\u1ebfc k\u1ec7 s\u00e1ch mini. C\u00f3 th\u1ec3 \u0111\u1ec3 nh\u1eefng cu\u1ed1n s\u00e1ch hay, t\u1ea1p ch\u00ed m\u00e0 gia ch\u1ee7 xem tr\u01b0\u1edbc l\u00fac ng\u1ee7. Hay \u0111\u1ec3 chi\u1ebfc \u0111\u00e8n ng\u1ee7 xinh x\u1eafn m\u00e0 gia ch\u1ee7 c\u00f3 th\u1ec3 b\u1eadt t\u1eaft thu\u1eadn ti\u1ec7n.<\/p>\n<h3><span style=\"color: #008000;\"><em>T\u1ee7 g\u1ed7 nh\u1ecf \u0111\u1ec3 \u0111\u1ea7u gi\u01b0\u1eddng d\u1ec5 d\u00e0ng v\u1ec7 sinh v\u00e0 b\u1ea3o qu\u1ea3n.<\/em><\/span><\/h3>\n<p>Ch\u1ec9 v\u1edbi 1 chi\u1ebfc kh\u0103n \u1ea9m b\u1ea1n \u0111\u00e3 c\u00f3 th\u1ec3 lau s\u1ea1ch b\u1ec1 m\u1eb7t v\u00e0 xung quanh c\u1ee7a s\u1ea3n ph\u1ea9m. Kh\u00f4ng l\u00e0m \u1ea3nh h\u01b0\u1edfng \u0111\u1ebfn tu\u1ed5i th\u1ecd c\u0169ng nh\u01b0 v\u1ebb \u0111\u1eb9p c\u1ee7a s\u1ea3n ph\u1ea9m. Gi\u00fap b\u1ea1n ti\u1ebft ki\u1ec7m th\u1eddi gian v\u00e0 c\u00f4ng s\u1ee9c khi d\u1ecdn d\u1eb9p nh\u00e0 c\u1eeda.<\/p>\n<figure id=\"attachment_1610\" aria-describedby=\"caption-attachment-1610\" style=\"width: 600px\" class=\"wp-caption aligncenter\"><img decoding=\"async\" loading=\"lazy\" class=\"wp-image-1610 size-full\" src=\"https:\/\/noithatdinhchinh.vn\/wp-content\/uploads\/2020\/07\/do-go-cho-phong-ngu.jpg\" alt=\"\u0110\u1ed3 G\u1ed7 Cho Ph\u00f2ng Ng\u1ee7\" width=\"600\" height=\"600\" srcset=\"https:\/\/noithatdinhchinh.vn\/wp-content\/uploads\/2020\/07\/do-go-cho-phong-ngu.jpg 600w, https:\/\/noithatdinhchinh.vn\/wp-content\/uploads\/2020\/07\/do-go-cho-phong-ngu-300x300.jpg 300w, https:\/\/noithatdinhchinh.vn\/wp-content\/uploads\/2020\/07\/do-go-cho-phong-ngu-100x100.jpg 100w, https:\/\/noithatdinhchinh.vn\/wp-content\/uploads\/2020\/07\/do-go-cho-phong-ngu-400x400.jpg 400w, https:\/\/noithatdinhchinh.vn\/wp-content\/uploads\/2020\/07\/do-go-cho-phong-ngu-280x280.jpg 280w\" sizes=\"(max-width: 600px) 100vw, 600px\" \/><figcaption id=\"caption-attachment-1610\" class=\"wp-caption-text\">\u0110\u1ed3 G\u1ed7 Cho Ph\u00f2ng Ng\u1ee7<\/figcaption><\/figure>\n<h2 style=\"text-align: center;\"><span style=\"color: #000080;\">L\u00dd DO N\u00caN CH\u1eccN N\u1ed8I TH\u1ea4T \u0110\u00ccNH CHINH L\u00c0M T\u1ee6 \u0110\u1ea6U GI\u01af\u1edcNG<\/span><\/h2>\n<ul>\n<li class=\"bullet-checkmark\">N\u00f3i\u00a0<b>KH\u00d4NG<\/b>\u00a0v\u1edbi h\u00e0ng k\u00e9m ch\u1ea5t l\u01b0\u1ee3ng.<\/li>\n<li class=\"bullet-checkmark\"><strong>Gi\u00e1 g\u1ed1c<\/strong>\u00a0t\u1ea1i X\u01b0\u1edfng kh\u00f4ng qua trung gian. Gi\u00e1 lu\u00f4n r\u1ebb nh\u1ea5t th\u1ecb tr\u01b0\u1eddng<\/li>\n<li class=\"bullet-checkmark\">\u0110a d\u1ea1ng m\u1eabu m\u00e3, ch\u1ee7ng lo\u1ea1i<\/li>\n<li class=\"bullet-checkmark\">S\u1ea3n xu\u1ea5t v\u00e0 thi c\u00f4ng theo y\u00eau c\u1ea7u c\u1ee7a kh\u00e1ch.<\/li>\n<li class=\"bullet-checkmark\">Kh\u00e1ch c\u00f3 th\u1ec3 xem \u1ea3nh, video qu\u00e1 tr\u00ecnh s\u1ea3n xu\u1ea5t t\u1ea1i x\u01b0\u1edfng.<\/li>\n<li class=\"bullet-checkmark\">100% s\u1ea3n ph\u1ea9m \u0111\u01b0\u1ee3c l\u00e0m b\u1eb1ng\u00a0<strong>g\u1ed7 t\u1ef1 nhi\u00ean<\/strong>\u00a0\u0111\u00e3 qua t\u1ea9m s\u1ea5y, ch\u1ed1ng cong v\u00eanh, m\u1ed1i m\u1ecdt.<\/li>\n<li class=\"bullet-checkmark\">Nh\u1eadn \u0111\u1eb7t h\u00e0ng theo y\u00eau c\u1ea7u. \u0110\u1ea3m b\u1ea3o g\u1ed7 t\u1ed1t, g\u1ed7 th\u1eadt 100%. Ho\u00e0n thi\u1ec7n t\u1ec9 m\u1ec9, \u0111\u1eb9p kh\u00f4ng th\u1ec3 ch\u00ea.<\/li>\n<li class=\"bullet-checkmark\">Giao h\u00e0ng v\u00e0 thanh to\u00e1n t\u1eadn nh\u00e0 tr\u00ean to\u00e0n qu\u1ed1c.<\/li>\n<\/ul>\n<p>N\u1ed9i Th\u1ea5t \u0110\u00ecnh Chinh chuy\u00ean cung c\u1ea5p \u0111\u1ed3 n\u1ed9i th\u1ea5t g\u1ed7: ph\u00f2ng kh\u00e1ch, ph\u00f2ng ng\u1ee7, ph\u00f2ng b\u1ebfp, qu\u00e1n c\u00e0 ph\u00ea, v\u0103n ph\u00f2ng.. V\u1edbi \u0111a d\u1ea1ng c\u00e1c s\u1ea3n ph\u1ea9m, phong ph\u00fa v\u1ec1 ki\u1ec3u d\u00e1ng, thi\u1ebft k\u1ebf cho b\u1ea1n tho\u1ea3i m\u00e1i l\u1ef1a ch\u1ecdn.<\/p>\n<p><span style=\"color: #000080;\"><em>Li\u00ean h\u1ec7 tr\u1ef1c ti\u1ebfp \u0111\u1ec3 \u0111\u01b0\u1ee3c t\u01b0 v\u1ea5n v\u00e0 nh\u1eadn m\u1ee9c gi\u00e1 \u01b0u \u0111\u00e3i:\u00a0<\/em><\/span><\/p>\n<p><span style=\"color: #000080;\"><em>Hotline:\u00a00785.961.489<\/em><\/span><\/p>\n","protected":false},"excerpt":{"rendered":"<p><span style=\"font-size: 14.4px;\">N\u1ed9i Th\u1ea5t \u0110\u00ecnh Chinh mang \u0111\u1ebfn s\u1ea3n ph\u1ea9m t\u1ee7 \u0111\u1ea7u gi\u01b0\u1eddng b\u1eb1ng g\u1ed7 t\u1ef1 nhi\u00ean \u0111\u1eb9p m\u1eaft, ti\u1ec7n \u00edch v\u00e0 v\u00f4 c\u00f9ng sang tr\u1ecdng. Thi\u1ebft k\u1ebf \u0111a d\u1ea1ng, trang tr\u00ed hoa v\u0103n, h\u1ecda ti\u1ebft t\u1ec9 m\u1ec9, \u1ea5n t\u01b0\u1ee3ng. Nhi\u1ec1u ki\u1ec3u d\u00e1ng t\u1ee7 \u0111\u1ec3 b\u1ea1n ch\u1ecdn l\u1ef1a nh\u01b0 t\u1ee7 c\u00f3 ng\u0103n k\u00e9o, t\u1ee7 2 c\u00e1nh,,&#8230; Hay theo phong c\u00e1ch hi\u1ec7n \u0111\u1ea1i, c\u1ed5 \u0111i\u1ec3n, ki\u1ec3u ph\u00e1p,.. l\u00e0m kh\u00f4ng gian ph\u00f2ng ng\u1ee7 hi\u1ec7n \u0111\u1ea1i h\u01a1n.<\/span><\/p>\n<div role=\"form\" class=\"wpcf7\" id=\"wpcf7-f10-o1\" lang=\"en-US\" dir=\"ltr\">\n<div class=\"screen-reader-response\" role=\"alert\" aria-live=\"polite\"><\/div>\n<form action=\"\/index.php?rest_route=%2Fwp%2Fv2%2Fproduct%2F1608#wpcf7-f10-o1\" method=\"post\" class=\"wpcf7-form init\" novalidate=\"novalidate\">\n<div style=\"display: none;\">\n<input type=\"hidden\" name=\"_wpcf7\" value=\"10\" \/>\n<input type=\"hidden\" name=\"_wpcf7_version\" value=\"5.2.2\" \/>\n<input type=\"hidden\" name=\"_wpcf7_locale\" value=\"en_US\" \/>\n<input type=\"hidden\" name=\"_wpcf7_unit_tag\" value=\"wpcf7-f10-o1\" \/>\n<input type=\"hidden\" name=\"_wpcf7_container_post\" value=\"0\" \/>\n<input type=\"hidden\" name=\"_wpcf7_posted_data_hash\" value=\"\" \/>\n<\/div>\n<p><span style=\"font-size: 160%; color: #ed1c24;\">Y\u00caU C\u1ea6U T\u01af V\u1ea4N<\/span><\/p>\n<p>Ch\u00fang t\u00f4i s\u1ebd li\u00ean h\u1ec7 l\u1ea1i ngay khi nh\u1eadn \u0111\u01b0\u1ee3c y\u00eau c\u1ea7u c\u1ee7a qu\u00fd kh\u00e1ch!<\/p>\n<hr>\n<span class=\"wpcf7-form-control-wrap hoten\"><input type=\"text\" name=\"hoten\" value=\"\" size=\"40\" class=\"wpcf7-form-control wpcf7-text wpcf7-validates-as-required\" aria-required=\"true\" aria-invalid=\"false\" placeholder=\"H\u1ecd v\u00e0 t\u00ean\" \/><\/span><br \/>\n<span class=\"wpcf7-form-control-wrap email\"><input type=\"email\" name=\"email\" value=\"\" size=\"40\" class=\"wpcf7-form-control wpcf7-text wpcf7-email wpcf7-validates-as-email\" aria-invalid=\"false\" placeholder=\"Email c\u1ee7a b\u1ea1n\" \/><\/span><br \/>\n<span class=\"wpcf7-form-control-wrap sdt\"><input type=\"tel\" name=\"sdt\" value=\"\" size=\"40\" class=\"wpcf7-form-control wpcf7-text wpcf7-tel wpcf7-validates-as-required wpcf7-validates-as-tel\" aria-required=\"true\" aria-invalid=\"false\" placeholder=\"S\u1ed1 \u0111i\u1ec7n tho\u1ea1i c\u1ee7a b\u1ea1n\" \/><\/span><br \/>\n<input type=\"submit\" value=\"G\u1ecdi L\u1ea1i Ngay\" class=\"wpcf7-form-control wpcf7-submit\" \/><br \/>\n<span class=\"wpcf7-form-control-wrap sanpham\"><input type=\"hidden\" name=\"sanpham\" value=\"T\u1ee7 \u0110\u1ea7u Gi\u01b0\u1eddng M\u1eabu 4\" size=\"40\" class=\"wpcf7-form-control wpcf7dtx-dynamictext wpcf7-dynamichidden\" aria-invalid=\"false\" \/><\/span><\/p>\n<div class=\"wpcf7-response-output\" role=\"alert\" aria-hidden=\"true\"><\/div><\/form><\/div>\n","protected":false},"featured_media":1610,"template":"","meta":[],"yoast_head":"<!-- This site is optimized with the Yoast SEO plugin v15.0 - https:\/\/yoast.com\/wordpress\/plugins\/seo\/ -->\n<title>T\u1ee7 G\u1ed7 \u0110\u1ec3 \u0110\u1ea7u Gi\u01b0\u1eddng - N\u1ed9i Th\u1ea5t G\u1ed7 Uy T\u00edn T\u1ea1i B\u00ecnh D\u01b0\u01a1ng<\/title>\n<meta name=\"description\" content=\"Cung c\u1ea5p n\u1ed9i th\u1ea5t g\u1ed7 cho ph\u00f2ng ng\u1ee7: gi\u01b0\u1eddng g\u1ed7, b\u00e0n trang \u0111i\u1ec3m, t\u1ee7 \u0111\u1ec3 \u0111\u1ea7u gi\u01b0\u1eddng b\u1eb1ng g\u1ed7,... Thi\u1ebft k\u1ebf s\u1ea3n ph\u1ea9m theo y\u00eau c\u1ea7u kh\u00e1ch h\u00e0ng.\" \/>\n<meta name=\"robots\" content=\"index, follow, max-snippet:-1, max-image-preview:large, max-video-preview:-1\" \/>\n<link rel=\"canonical\" href=\"https:\/\/noithatdinhchinh.vn\/?product=tu-dau-giuong-mau-4\" \/>\n<meta property=\"og:locale\" content=\"vi_VN\" \/>\n<meta property=\"og:type\" content=\"article\" \/>\n<meta property=\"og:title\" content=\"T\u1ee7 G\u1ed7 \u0110\u1ec3 \u0110\u1ea7u Gi\u01b0\u1eddng - N\u1ed9i Th\u1ea5t G\u1ed7 Uy T\u00edn T\u1ea1i B\u00ecnh D\u01b0\u01a1ng\" \/>\n<meta property=\"og:description\" content=\"Cung c\u1ea5p n\u1ed9i th\u1ea5t g\u1ed7 cho ph\u00f2ng ng\u1ee7: gi\u01b0\u1eddng g\u1ed7, b\u00e0n trang \u0111i\u1ec3m, t\u1ee7 \u0111\u1ec3 \u0111\u1ea7u gi\u01b0\u1eddng b\u1eb1ng g\u1ed7,... Thi\u1ebft k\u1ebf s\u1ea3n ph\u1ea9m theo y\u00eau c\u1ea7u kh\u00e1ch h\u00e0ng.\" \/>\n<meta property=\"og:url\" content=\"https:\/\/noithatdinhchinh.vn\/?product=tu-dau-giuong-mau-4\" \/>\n<meta property=\"og:site_name\" content=\"noithatdinhchinh\" \/>\n<meta property=\"article:modified_time\" content=\"2020-07-30T18:31:58+00:00\" \/>\n<meta property=\"og:image\" content=\"https:\/\/noithatdinhchinh.vn\/wp-content\/uploads\/2020\/07\/do-go-cho-phong-ngu.jpg\" \/>\n\t<meta property=\"og:image:width\" content=\"600\" \/>\n\t<meta property=\"og:image:height\" content=\"600\" \/>\n<meta name=\"twitter:card\" content=\"summary_large_image\" \/>\n<script type=\"application\/ld+json\" class=\"yoast-schema-graph\">{\"@context\":\"https:\/\/schema.org\",\"@graph\":[{\"@type\":\"WebSite\",\"@id\":\"https:\/\/noithatdinhchinh.vn\/#website\",\"url\":\"https:\/\/noithatdinhchinh.vn\/\",\"name\":\"noithatdinhchinh\",\"description\":\"\",\"potentialAction\":[{\"@type\":\"SearchAction\",\"target\":\"https:\/\/noithatdinhchinh.vn\/?s={search_term_string}\",\"query-input\":\"required name=search_term_string\"}],\"inLanguage\":\"vi\"},{\"@type\":\"ImageObject\",\"@id\":\"https:\/\/noithatdinhchinh.vn\/?product=tu-dau-giuong-mau-4#primaryimage\",\"inLanguage\":\"vi\",\"url\":\"https:\/\/noithatdinhchinh.vn\/wp-content\/uploads\/2020\/07\/do-go-cho-phong-ngu.jpg\",\"width\":600,\"height\":600,\"caption\":\"\\u0110\\u1ed3 G\\u1ed7 Cho Ph\\u00f2ng Ng\\u1ee7\"},{\"@type\":\"WebPage\",\"@id\":\"https:\/\/noithatdinhchinh.vn\/?product=tu-dau-giuong-mau-4#webpage\",\"url\":\"https:\/\/noithatdinhchinh.vn\/?product=tu-dau-giuong-mau-4\",\"name\":\"T\\u1ee7 G\\u1ed7 \\u0110\\u1ec3 \\u0110\\u1ea7u Gi\\u01b0\\u1eddng - N\\u1ed9i Th\\u1ea5t G\\u1ed7 Uy T\\u00edn T\\u1ea1i B\\u00ecnh D\\u01b0\\u01a1ng\",\"isPartOf\":{\"@id\":\"https:\/\/noithatdinhchinh.vn\/#website\"},\"primaryImageOfPage\":{\"@id\":\"https:\/\/noithatdinhchinh.vn\/?product=tu-dau-giuong-mau-4#primaryimage\"},\"datePublished\":\"2020-07-30T18:23:04+00:00\",\"dateModified\":\"2020-07-30T18:31:58+00:00\",\"description\":\"Cung c\\u1ea5p n\\u1ed9i th\\u1ea5t g\\u1ed7 cho ph\\u00f2ng ng\\u1ee7: gi\\u01b0\\u1eddng g\\u1ed7, b\\u00e0n trang \\u0111i\\u1ec3m, t\\u1ee7 \\u0111\\u1ec3 \\u0111\\u1ea7u gi\\u01b0\\u1eddng b\\u1eb1ng g\\u1ed7,... Thi\\u1ebft k\\u1ebf s\\u1ea3n ph\\u1ea9m theo y\\u00eau c\\u1ea7u kh\\u00e1ch h\\u00e0ng.\",\"inLanguage\":\"vi\",\"potentialAction\":[{\"@type\":\"ReadAction\",\"target\":[\"https:\/\/noithatdinhchinh.vn\/?product=tu-dau-giuong-mau-4\"]}]}]}<\/script>\n<!-- \/ Yoast SEO plugin. -->","_links":{"self":[{"href":"https:\/\/noithatdinhchinh.vn\/index.php?rest_route=\/wp\/v2\/product\/1608"}],"collection":[{"href":"https:\/\/noithatdinhchinh.vn\/index.php?rest_route=\/wp\/v2\/product"}],"about":[{"href":"https:\/\/noithatdinhchinh.vn\/index.php?rest_route=\/wp\/v2\/types\/product"}],"wp:featuredmedia":[{"embeddable":true,"href":"https:\/\/noithatdinhchinh.vn\/index.php?rest_route=\/wp\/v2\/media\/1610"}],"wp:attachment":[{"href":"https:\/\/noithatdinhchinh.vn\/index.php?rest_route=%2Fwp%2Fv2%2Fmedia&parent=1608"}],"curies":[{"name":"wp","href":"https:\/\/api.w.org\/{rel}","templated":true}]}}