{"id":1530,"date":"2020-07-15T23:55:28","date_gmt":"2020-07-15T16:55:28","guid":{"rendered":"https:\/\/noithatdinhchinh.vn\/?post_type=product&#038;p=1530"},"modified":"2020-07-16T00:03:27","modified_gmt":"2020-07-15T17:03:27","slug":"tu-ruou-mau-5","status":"publish","type":"product","link":"https:\/\/noithatdinhchinh.vn\/?product=tu-ruou-mau-5","title":{"rendered":"T\u1ee7 R\u01b0\u1ee3u M\u1eabu 5"},"content":{"rendered":"<h2 style=\"font-size: 23.04px; text-align: center;\"><span style=\"color: #ff0000;\">T\u1ee6 G\u1ed6 \u0110\u1ec2 R\u01af\u1ee2U &#8211; M\u1eaaU T\u1ee6 R\u01af\u1ee2U B\u1eb0NG G\u1ed6 T\u1ef0 NHI\u00caN \u0110\u1eb8P\u00a0<\/span><\/h2>\n<p>T\u1ee7 g\u1ed7 \u0111\u1ec3 r\u01b0\u1ee3u l\u00e0 m\u1ed9t ph\u1ea7n quan tr\u1ecdng trong thi\u1ebft k\u1ebf n\u1ed9i th\u1ea5t c\u1ee7a c\u00e1c gia \u0111\u00ecnh hi\u1ec7n nay. Vi\u1ec7c<span style=\"font-size: 14.4px;\">\u00a0s\u1edf h\u1eefu t\u1ee7 r\u01b0\u1ee3u trong nh\u00e0 l\u00e0 \u0111i\u1ec1u m\u00e0 nhi\u1ec1u ng\u01b0\u1eddi xem l\u00e0 m\u1ed9t th\u00fa vui tao nh\u00e3. Ngay c\u1ea3 nh\u1eefng ng\u01b0\u1eddi kh\u00f4ng bi\u1ebft ho\u1eb7c kh\u00f4ng u\u1ed1ng \u0111\u01b0\u1ee3c r\u01b0\u1ee3u v\u1eabn c\u00f3 t\u1ee7 r\u01b0\u1ee3u trong nh\u00e0 \u0111\u1ec3 ti\u1ebfp b\u1ea1n hi\u1ec1n.<\/span><\/p>\n<p><span style=\"font-size: 14.4px;\">B\u00ean c\u1ea1nh vi\u1ec7c l\u1ef1a ch\u1ecdn nh\u1eefng t\u1ee7 r\u01b0\u1ee3u \u0111\u1eb9p \u0111\u1ec3 c\u1ea5t gi\u1eef r\u01b0\u1ee3u qu\u00fd. Gia ch\u1ee7 c\u00f3 th\u1ec3 k\u1ebft h\u1ee3p trang tr\u00ed th\u1eadt kh\u00e9o l\u00e9o \u0111\u1ec3 kh\u00f4ng gian nh\u00e0 m\u00ecnh th\u00eam \u0111\u1eb9p th\u00eam sang h\u01a1n. <\/span><\/p>\n<p><span style=\"font-size: 14.4px;\">N\u1ed9i Th\u1ea5t \u0110\u00ecnh Chinh mang \u0111\u1ebfn cho b\u1ea1n nh\u1eefng l\u1ef1a ch\u1ecdn v\u1ec1 m\u1eabu t\u1ee7 r\u01b0\u1ee3u \u0111\u1eb9p, h\u1ee3p phong th\u1ee7y. Thi\u1ebft k\u1ebf \u0111a d\u1ea1ng, trang tr\u00ed hoa v\u0103n t\u1ec9 m\u1ec9, \u1ea5n t\u01b0\u1ee3ng. Nhi\u1ec1u ki\u1ec3u d\u00e1ng t\u1ee7 \u0111\u1ec3 b\u1ea1n ch\u1ecdn l\u1ef1a nh\u01b0 \u00e2m t\u01b0\u1eddng, treo t\u01b0\u1eddng,&#8230; Hay theo phong c\u00e1ch hi\u1ec7n \u0111\u1ea1i, c\u1ed5 \u0111i\u1ec3n, ki\u1ec3u ph\u00e1p,.. l\u00e0m kh\u00f4ng gian s\u1ed1ng tr\u1edf n\u00ean sinh \u0111\u1ed9ng.<\/span><\/p>\n<figure id=\"attachment_1532\" aria-describedby=\"caption-attachment-1532\" style=\"width: 800px\" class=\"wp-caption aligncenter\"><img decoding=\"async\" loading=\"lazy\" class=\"wp-image-1532 size-full\" src=\"https:\/\/noithatdinhchinh.vn\/wp-content\/uploads\/2020\/07\/tu-go-de-ruou-dep.jpg\" alt=\"T\u1ee7 G\u1ed7 \u0110\u1ec3 R\u01b0\u1ee3u \u0110\u1eb9p\" width=\"800\" height=\"1067\" srcset=\"https:\/\/noithatdinhchinh.vn\/wp-content\/uploads\/2020\/07\/tu-go-de-ruou-dep.jpg 800w, https:\/\/noithatdinhchinh.vn\/wp-content\/uploads\/2020\/07\/tu-go-de-ruou-dep-600x800.jpg 600w, https:\/\/noithatdinhchinh.vn\/wp-content\/uploads\/2020\/07\/tu-go-de-ruou-dep-300x400.jpg 300w, https:\/\/noithatdinhchinh.vn\/wp-content\/uploads\/2020\/07\/tu-go-de-ruou-dep-768x1024.jpg 768w\" sizes=\"(max-width: 800px) 100vw, 800px\" \/><figcaption id=\"caption-attachment-1532\" class=\"wp-caption-text\">T\u1ee7 G\u1ed7 \u0110\u1ec3 R\u01b0\u1ee3u \u0110\u1eb9p<\/figcaption><\/figure>\n<h2 style=\"text-align: center;\"><span style=\"color: #ff0000;\">\u01afU \u0110I\u1ec2M C\u1ee6A T\u1ee6 G\u1ed6 \u0110\u1ec2 R\u01af\u1ee2U<\/span><\/h2>\n<h3><em><span style=\"color: #008000;\">T\u1ee7 \u0111\u1ef1ng r\u01b0\u1ee3u \u0111\u1eb9p \u0111\u01b0\u1ee3c l\u00e0m b\u1eb1ng ch\u1ea5t li\u1ec7u g\u1ed7 t\u1ef1 nhi\u00ean cao c\u1ea5p<\/span><\/em><\/h3>\n<p>C\u00f3 nhi\u1ec1u lo\u1ea1i g\u1ed7 t\u1ef1 nhi\u00ean \u0111\u1ec3 s\u1ea3n xu\u1ea5t t\u1ee7 r\u01b0\u1ee3u nh\u01b0 g\u1ed7 tr\u1eafc, g\u1ed7 tr\u1ee5, gi\u00e1ng h\u01b0\u01a1ng, g\u1ed7 s\u1ed3i,\u2026T\u1ee7 c\u00f3 m\u00e0u n\u00e2u tr\u1ea7m c\u1ee7a g\u1ed7 t\u1ef1 nhi\u00ean g\u1ea7n g\u0169i, \u1ea5m \u00e1p.<\/p>\n<p>Nh\u1eefng \u0111\u01b0\u1eddng v\u00e2n g\u1ed7 b\u1eaft m\u1eaft, th\u1ec3 hi\u1ec7n nh\u1eefng n\u00e9t tinh hoa nh\u1ea5t c\u1ee7a t\u1ef1 nhi\u00ean. Thu h\u00fat m\u1ecdi \u00e1nh nh\u00ecn c\u1ee7a c\u00e1c v\u1ecb kh\u00e1ch \u0111\u1ebfn th\u0103m nh\u00e0.<\/p>\n<h3><em><span style=\"color: #008000;\">T\u1ee7 g\u1ed7 \u0111\u1ec3 r\u01b0\u1ee3u \u0111\u1eb9p b\u1ec1n, ch\u1eafc, c\u00f3 tu\u1ed5i th\u1ecd l\u00e2u d\u00e0i<\/span><\/em><\/h3>\n<p>\u01afu \u0111i\u1ec3m c\u1ee7a g\u1ed7 t\u1ef1 nhi\u00ean ch\u00ednh l\u00e0 \u0111\u1ed9 b\u1ec1n v\u1edbi th\u1eddi gian r\u1ea5t cao. Nh\u1ea5t l\u00e0 c\u00e1c lo\u1ea1i g\u1ed7 cao c\u1ea5p nh\u01b0 g\u1ed7 Tr\u1ee5, Xoan, \u0110inh H\u01b0\u01a1ng\u2026 Kh\u00f4ng nh\u1eefng v\u1eady, g\u1ed7 t\u1ef1 nhi\u00ean c\u00f2n t\u0103ng gi\u00e1 tr\u1ecb c\u1ee7a s\u1ea3n ph\u1ea9m sau m\u1ed9t th\u1eddi gian s\u1eed d\u1ee5ng. Ch\u00ednh v\u00ec v\u1eady, t\u1ee7 r\u01b0\u1ee3u g\u1ed7 t\u1ef1 nhi\u00ean b\u1ec1n h\u01a1n so v\u1edbi c\u00e1c lo\u1ea1i t\u1ee7 r\u01b0\u1ee3u ch\u1ea5t li\u1ec7u kh\u00e1c.<\/p>\n<h3><em><span style=\"color: #008000;\">T\u1ee7 \u0111\u1ef1ng r\u01b0\u1ee3u g\u1ed7 t\u1ef1 nhi\u00ean ki\u1ec3u d\u00e1ng sang tr\u1ecdng, \u0111\u1eb3ng c\u1ea5p, thi\u1ebft k\u1ebf hoa v\u0103n h\u1ecda ti\u1ebft \u0111\u1eb9p m\u1eaft, \u0111\u1ed9c \u0111\u00e1o.<\/span><\/em><\/h3>\n<p>C\u00e1c m\u1eabu t\u1ee7 r\u01b0\u1ee3u ph\u00f2ng kh\u00e1ch g\u1ed7 t\u1ef1 nhi\u00ean c\u00f3 \u0111\u1eb7c \u0111i\u1ec3m n\u1ed5i b\u1eadt l\u00e0 c\u00e1c h\u1ecda ti\u1ebft hoa v\u0103n \u0111\u1ed9c \u0111\u00e1o. \u01afu \u0111i\u1ec3m n\u00e0y ch\u1ec9 c\u00f3 \u1edf ch\u1ea5t li\u1ec7u g\u1ed7 t\u1ef1 nhi\u00ean, c\u00e1c ch\u1ea5t li\u1ec7u kh\u00e1c kh\u00f4ng c\u00f3.<\/p>\n<p>V\u1edbi ki\u1ec3u d\u00e1ng hi\u1ec7n \u0111\u1ea1i c\u00f9ng v\u1edbi nh\u1eefng h\u1ecda ti\u1ebft \u0111\u1eb9p m\u1eaft. T\u1ee7 r\u01b0\u1ee3u b\u1eb1ng ch\u1ea5t li\u1ec7u g\u1ed7 t\u1ef1 nhi\u00ean to\u00e1t l\u00ean v\u1ebb \u0111\u1eb9p sang tr\u1ecdng, \u0111\u1eb3ng c\u1ea5p.<\/p>\n<h3><em><span style=\"color: #008000;\">T\u1ee7 r\u01b0\u1ee3u \u0111\u1eb9p b\u1eb1ng g\u1ed7 t\u1ef1 nhi\u00ean c\u00f3 m\u1ee9c \u0111\u1ed9 an to\u00e0n ch\u1eafc ch\u1eafn cao, mang \u0111\u1ebfn s\u1ef1 an t\u00e2m cho ng\u01b0\u1eddi s\u1eed d\u1ee5ng<\/span><\/em><\/h3>\n<p>Kh\u00f4ng gi\u1ed1ng nh\u01b0 nh\u1eefng m\u1eabu t\u1ee7 r\u01b0\u1ee3u b\u1eb1ng g\u1ed7 c\u00f4ng nghi\u1ec7p. Ch\u1ea5t li\u1ec7u g\u1ed7 t\u1ef1 nhi\u00ean mang \u0111\u1ebfn m\u1ee9c \u0111\u1ed9 an to\u00e0n ch\u1eafc ch\u1eafn cao cho s\u1ea3n ph\u1ea9m. T\u1ee7 r\u01b0\u1ee3u c\u1ed5 \u0111i\u1ec3n g\u1ed7 t\u1ef1 nhi\u00ean th\u00edch nghi t\u1ed1t v\u1edbi th\u1eddi ti\u1ebft thay \u0111\u1ed5i c\u1ee7a Vi\u1ec7t Nam.<\/p>\n<h3><em><span style=\"color: #008000;\">T\u1ee7 \u0111\u1ec3 r\u01b0\u1ee3u b\u1eb1ng g\u1ed7 cao c\u1ea5p cho ph\u00f2ng kh\u00e1ch \u0111\u1eb9p ti\u1ec7n nghi<\/span><\/em><\/h3>\n<p>Ngo\u00e0i ch\u1ee9c n\u0103ng \u0111\u1ec3 tr\u01b0ng b\u00e0y r\u01b0\u1ee3u hay c\u1ea5t gi\u1eef \u0111\u1ed3 d\u00f9ng. Th\u00ec nh\u1eefng m\u1eabu t\u1ee7 r\u01b0\u1ee3u hi\u1ec7n \u0111\u1ea1i gi\u00e1 r\u1ebb n\u00e0y c\u00f2n \u0111\u1ea3m nh\u1eadn ch\u1ee9c n\u0103ng \u201cph\u00f4 di\u1ec5n\u201d s\u1ef1 \u0111\u1eb3ng c\u1ea5p, gu th\u1ea9m m\u1ef9 \u0111\u1ea7y c\u00e1 t\u00ednh c\u1ee7a ch\u1ee7 nh\u00e0. B\u1edfi m\u1ed9t ng\u00f4i nh\u00e0 \u0111\u1eb9p s\u1edf h\u1eefu \u0111\u1ed3 n\u1ed9i th\u1ea5t \u0111\u1eb9p. Gi\u00fap cho gia ch\u1ee7 t\u1ef1 h\u00e0o v\u1ec1 \u0111\u1eb3ng c\u1ea5p c\u0169ng nh\u01b0 con m\u1eaft th\u1ea9m m\u1ef9 c\u1ee7a m\u00ecnh.T\u1ee7 r\u01b0\u1ee3u g\u1ed7 c\u1ed5 \u0111i\u1ec3n lu\u00f4n t\u1ea1o \u0111\u01b0\u1ee3c nh\u1eefng n\u00e9t th\u1ea9m m\u1ef9 ri\u00eang t\u1eeb m\u00e0u s\u1eafc \u0111\u1ebfn s\u1ef1 qu\u00fd hi\u1ebfm c\u1ee7a ch\u1ea5t li\u1ec7u c\u1ee7a s\u1ea3n ph\u1ea9m.<\/p>\n<h2 style=\"text-align: center;\"><span style=\"color: #ff0000;\">L\u00dd DO N\u00caN CH\u1eccN L\u00c0M T\u1ee6 R\u01af\u1ee2U G\u1ed6 T\u1ea0I N\u1ed8I TH\u1ea4T \u0110\u00ccNH CHINH<\/span><\/h2>\n<ul>\n<li class=\"bullet-checkmark\">N\u00f3i\u00a0<b>KH\u00d4NG<\/b>\u00a0v\u1edbi h\u00e0ng k\u00e9m ch\u1ea5t l\u01b0\u1ee3ng.<\/li>\n<li class=\"bullet-checkmark\"><strong>Gi\u00e1 g\u1ed1c<\/strong>\u00a0t\u1ea1i X\u01b0\u1edfng kh\u00f4ng qua trung gian. Gi\u00e1 lu\u00f4n r\u1ebb nh\u1ea5t th\u1ecb tr\u01b0\u1eddng<\/li>\n<li class=\"bullet-checkmark\">\u0110a d\u1ea1ng m\u1eabu m\u00e3, ch\u1ee7ng lo\u1ea1i<\/li>\n<li class=\"bullet-checkmark\">S\u1ea3n xu\u1ea5t v\u00e0 thi c\u00f4ng theo y\u00eau c\u1ea7u c\u1ee7a kh\u00e1ch.<\/li>\n<li class=\"bullet-checkmark\">Kh\u00e1ch c\u00f3 th\u1ec3 xem \u1ea3nh, video qu\u00e1 tr\u00ecnh s\u1ea3n xu\u1ea5t t\u1ea1i x\u01b0\u1edfng.<\/li>\n<li class=\"bullet-checkmark\">100% s\u1ea3n ph\u1ea9m \u0111\u01b0\u1ee3c l\u00e0m b\u1eb1ng\u00a0<strong>g\u1ed7 t\u1ef1 nhi\u00ean<\/strong>\u00a0\u0111\u00e3 qua t\u1ea9m s\u1ea5y, ch\u1ed1ng cong v\u00eanh, m\u1ed1i m\u1ecdt.<\/li>\n<li class=\"bullet-checkmark\">Nh\u1eadn \u0111\u1eb7t h\u00e0ng theo y\u00eau c\u1ea7u. \u0110\u1ea3m b\u1ea3o g\u1ed7 t\u1ed1t, g\u1ed7 th\u1eadt 100%. Ho\u00e0n thi\u1ec7n t\u1ec9 m\u1ec9, \u0111\u1eb9p kh\u00f4ng th\u1ec3 ch\u00ea.<\/li>\n<li class=\"bullet-checkmark\">Giao h\u00e0ng v\u00e0 thanh to\u00e1n t\u1eadn nh\u00e0 tr\u00ean to\u00e0n qu\u1ed1c.<\/li>\n<\/ul>\n<p>N\u1ed9i Th\u1ea5t \u0110\u00ecnh Chinh chuy\u00ean cung c\u1ea5p \u0111\u1ed3 n\u1ed9i th\u1ea5t g\u1ed7: ph\u00f2ng kh\u00e1ch, ph\u00f2ng ng\u1ee7, ph\u00f2ng b\u1ebfp, qu\u00e1n c\u00e0 ph\u00ea, v\u0103n ph\u00f2ng.. V\u1edbi \u0111a d\u1ea1ng c\u00e1c s\u1ea3n ph\u1ea9m, phong ph\u00fa v\u1ec1 ki\u1ec3u d\u00e1ng, thi\u1ebft k\u1ebf cho b\u1ea1n tho\u1ea3i m\u00e1i l\u1ef1a ch\u1ecdn.<\/p>\n<p><span style=\"color: #000080;\"><em>Li\u00ean h\u1ec7 tr\u1ef1c ti\u1ebfp \u0111\u1ec3 \u0111\u01b0\u1ee3c t\u01b0 v\u1ea5n v\u00e0 nh\u1eadn m\u1ee9c gi\u00e1 \u01b0u \u0111\u00e3i:\u00a0<\/em><\/span><\/p>\n<p><span style=\"color: #000080;\"><em>Hotline:\u00a00785.961.489<\/em><\/span><\/p>\n<p>H\u00e3y ch\u1ecdn ngay chi\u1ebfc t\u1ee7 r\u01b0\u1ee3u b\u1eb1ng g\u1ed7 \u0111\u1eb9p m\u1eaft \u0111\u1ec3 c\u1ea5t gi\u1eef nh\u1eefng chai r\u01b0\u1ee3u qu\u00fd v\u00e0 ti\u1ebfp \u0111\u00e3i kh\u00e1ch th\u1eadt l\u1ecbch s\u1ef1 nh\u00e9!<\/p>\n","protected":false},"excerpt":{"rendered":"<p><span style=\"font-size: 14.4px;\">N\u1ed9i Th\u1ea5t \u0110\u00ecnh Chinh mang \u0111\u1ebfn cho b\u1ea1n nh\u1eefng l\u1ef1a ch\u1ecdn v\u1ec1 m\u1eabu t\u1ee7 r\u01b0\u1ee3u \u0111\u1eb9p m\u1eaft, sang tr\u1ecdng, h\u1ee3p phong th\u1ee7y. Thi\u1ebft k\u1ebf \u0111a d\u1ea1ng, trang tr\u00ed hoa v\u0103n, h\u1ecda ti\u1ebft t\u1ec9 m\u1ec9, \u1ea5n t\u01b0\u1ee3ng. Nhi\u1ec1u ki\u1ec3u d\u00e1ng t\u1ee7 \u0111\u1ec3 b\u1ea1n ch\u1ecdn l\u1ef1a nh\u01b0 \u00e2m t\u01b0\u1eddng, treo t\u01b0\u1eddng,&#8230; Hay theo phong c\u00e1ch hi\u1ec7n \u0111\u1ea1i, c\u1ed5 \u0111i\u1ec3n, ki\u1ec3u ph\u00e1p,.. l\u00e0m kh\u00f4ng gian s\u1ed1ng tr\u1edf n\u00ean sinh \u0111\u1ed9ng.<\/span><\/p>\n<div role=\"form\" class=\"wpcf7\" id=\"wpcf7-f10-o1\" lang=\"en-US\" dir=\"ltr\">\n<div class=\"screen-reader-response\" role=\"alert\" aria-live=\"polite\"><\/div>\n<form action=\"\/index.php?rest_route=%2Fwp%2Fv2%2Fproduct%2F1530#wpcf7-f10-o1\" method=\"post\" class=\"wpcf7-form init\" novalidate=\"novalidate\">\n<div style=\"display: none;\">\n<input type=\"hidden\" name=\"_wpcf7\" value=\"10\" \/>\n<input type=\"hidden\" name=\"_wpcf7_version\" value=\"5.2.2\" \/>\n<input type=\"hidden\" name=\"_wpcf7_locale\" value=\"en_US\" \/>\n<input type=\"hidden\" name=\"_wpcf7_unit_tag\" value=\"wpcf7-f10-o1\" \/>\n<input type=\"hidden\" name=\"_wpcf7_container_post\" value=\"0\" \/>\n<input type=\"hidden\" name=\"_wpcf7_posted_data_hash\" value=\"\" \/>\n<\/div>\n<p><span style=\"font-size: 160%; color: #ed1c24;\">Y\u00caU C\u1ea6U T\u01af V\u1ea4N<\/span><\/p>\n<p>Ch\u00fang t\u00f4i s\u1ebd li\u00ean h\u1ec7 l\u1ea1i ngay khi nh\u1eadn \u0111\u01b0\u1ee3c y\u00eau c\u1ea7u c\u1ee7a qu\u00fd kh\u00e1ch!<\/p>\n<hr>\n<span class=\"wpcf7-form-control-wrap hoten\"><input type=\"text\" name=\"hoten\" value=\"\" size=\"40\" class=\"wpcf7-form-control wpcf7-text wpcf7-validates-as-required\" aria-required=\"true\" aria-invalid=\"false\" placeholder=\"H\u1ecd v\u00e0 t\u00ean\" \/><\/span><br \/>\n<span class=\"wpcf7-form-control-wrap email\"><input type=\"email\" name=\"email\" value=\"\" size=\"40\" class=\"wpcf7-form-control wpcf7-text wpcf7-email wpcf7-validates-as-email\" aria-invalid=\"false\" placeholder=\"Email c\u1ee7a b\u1ea1n\" \/><\/span><br \/>\n<span class=\"wpcf7-form-control-wrap sdt\"><input type=\"tel\" name=\"sdt\" value=\"\" size=\"40\" class=\"wpcf7-form-control wpcf7-text wpcf7-tel wpcf7-validates-as-required wpcf7-validates-as-tel\" aria-required=\"true\" aria-invalid=\"false\" placeholder=\"S\u1ed1 \u0111i\u1ec7n tho\u1ea1i c\u1ee7a b\u1ea1n\" \/><\/span><br \/>\n<input type=\"submit\" value=\"G\u1ecdi L\u1ea1i Ngay\" class=\"wpcf7-form-control wpcf7-submit\" \/><br \/>\n<span class=\"wpcf7-form-control-wrap sanpham\"><input type=\"hidden\" name=\"sanpham\" value=\"T\u1ee7 R\u01b0\u1ee3u M\u1eabu 5\" size=\"40\" class=\"wpcf7-form-control wpcf7dtx-dynamictext wpcf7-dynamichidden\" aria-invalid=\"false\" \/><\/span><\/p>\n<div class=\"wpcf7-response-output\" role=\"alert\" aria-hidden=\"true\"><\/div><\/form><\/div>\n","protected":false},"featured_media":1532,"template":"","meta":[],"yoast_head":"<!-- This site is optimized with the Yoast SEO plugin v15.0 - https:\/\/yoast.com\/wordpress\/plugins\/seo\/ -->\n<title>T\u1ee7 G\u1ed7 \u0110\u1ec3 R\u01b0\u1ee3u - M\u1eabu T\u1ee7 R\u01b0\u1ee3u B\u1eb1ng G\u1ed7 T\u1ef1 Nhi\u00ean \u0110\u1eb9p<\/title>\n<meta name=\"description\" content=\"Cung c\u1ea5p t\u1ee7 \u0111\u1ec3 r\u01b0\u1ee3u b\u1eb1ng g\u1ed7 t\u1ef1 nhi\u00ean v\u1edbi ki\u1ec3u d\u00e1ng \u0111\u1eb9p m\u1eaft, thi\u1ebft k\u1ebf c\u1ed5 \u0111i\u1ec3n, hi\u1ec7n \u0111\u1ea1i. Mang \u0111\u1ebfn s\u1ef1 sang tr\u1ecdng, \u0111\u1eb3ng c\u1ea5p cho ph\u00f2ng kh\u00e1ch nh\u00e0 b\u1ea1n.\" \/>\n<meta name=\"robots\" content=\"index, follow, max-snippet:-1, max-image-preview:large, max-video-preview:-1\" \/>\n<link rel=\"canonical\" href=\"https:\/\/noithatdinhchinh.vn\/?product=tu-ruou-mau-5\" \/>\n<meta property=\"og:locale\" content=\"vi_VN\" \/>\n<meta property=\"og:type\" content=\"article\" \/>\n<meta property=\"og:title\" content=\"T\u1ee7 G\u1ed7 \u0110\u1ec3 R\u01b0\u1ee3u - M\u1eabu T\u1ee7 R\u01b0\u1ee3u B\u1eb1ng G\u1ed7 T\u1ef1 Nhi\u00ean \u0110\u1eb9p\" \/>\n<meta property=\"og:description\" content=\"Cung c\u1ea5p t\u1ee7 \u0111\u1ec3 r\u01b0\u1ee3u b\u1eb1ng g\u1ed7 t\u1ef1 nhi\u00ean v\u1edbi ki\u1ec3u d\u00e1ng \u0111\u1eb9p m\u1eaft, thi\u1ebft k\u1ebf c\u1ed5 \u0111i\u1ec3n, hi\u1ec7n \u0111\u1ea1i. Mang \u0111\u1ebfn s\u1ef1 sang tr\u1ecdng, \u0111\u1eb3ng c\u1ea5p cho ph\u00f2ng kh\u00e1ch nh\u00e0 b\u1ea1n.\" \/>\n<meta property=\"og:url\" content=\"https:\/\/noithatdinhchinh.vn\/?product=tu-ruou-mau-5\" \/>\n<meta property=\"og:site_name\" content=\"noithatdinhchinh\" \/>\n<meta property=\"article:modified_time\" content=\"2020-07-15T17:03:27+00:00\" \/>\n<meta property=\"og:image\" content=\"https:\/\/noithatdinhchinh.vn\/wp-content\/uploads\/2020\/07\/tu-go-de-ruou-dep.jpg\" \/>\n\t<meta property=\"og:image:width\" content=\"800\" \/>\n\t<meta property=\"og:image:height\" content=\"1067\" \/>\n<meta name=\"twitter:card\" content=\"summary_large_image\" \/>\n<script type=\"application\/ld+json\" class=\"yoast-schema-graph\">{\"@context\":\"https:\/\/schema.org\",\"@graph\":[{\"@type\":\"WebSite\",\"@id\":\"https:\/\/noithatdinhchinh.vn\/#website\",\"url\":\"https:\/\/noithatdinhchinh.vn\/\",\"name\":\"noithatdinhchinh\",\"description\":\"\",\"potentialAction\":[{\"@type\":\"SearchAction\",\"target\":\"https:\/\/noithatdinhchinh.vn\/?s={search_term_string}\",\"query-input\":\"required name=search_term_string\"}],\"inLanguage\":\"vi\"},{\"@type\":\"ImageObject\",\"@id\":\"https:\/\/noithatdinhchinh.vn\/?product=tu-ruou-mau-5#primaryimage\",\"inLanguage\":\"vi\",\"url\":\"https:\/\/noithatdinhchinh.vn\/wp-content\/uploads\/2020\/07\/tu-go-de-ruou-dep.jpg\",\"width\":800,\"height\":1067,\"caption\":\"T\\u1ee7 G\\u1ed7 \\u0110\\u1ec3 R\\u01b0\\u1ee3u \\u0110\\u1eb9p\"},{\"@type\":\"WebPage\",\"@id\":\"https:\/\/noithatdinhchinh.vn\/?product=tu-ruou-mau-5#webpage\",\"url\":\"https:\/\/noithatdinhchinh.vn\/?product=tu-ruou-mau-5\",\"name\":\"T\\u1ee7 G\\u1ed7 \\u0110\\u1ec3 R\\u01b0\\u1ee3u - M\\u1eabu T\\u1ee7 R\\u01b0\\u1ee3u B\\u1eb1ng G\\u1ed7 T\\u1ef1 Nhi\\u00ean \\u0110\\u1eb9p\",\"isPartOf\":{\"@id\":\"https:\/\/noithatdinhchinh.vn\/#website\"},\"primaryImageOfPage\":{\"@id\":\"https:\/\/noithatdinhchinh.vn\/?product=tu-ruou-mau-5#primaryimage\"},\"datePublished\":\"2020-07-15T16:55:28+00:00\",\"dateModified\":\"2020-07-15T17:03:27+00:00\",\"description\":\"Cung c\\u1ea5p t\\u1ee7 \\u0111\\u1ec3 r\\u01b0\\u1ee3u b\\u1eb1ng g\\u1ed7 t\\u1ef1 nhi\\u00ean v\\u1edbi ki\\u1ec3u d\\u00e1ng \\u0111\\u1eb9p m\\u1eaft, thi\\u1ebft k\\u1ebf c\\u1ed5 \\u0111i\\u1ec3n, hi\\u1ec7n \\u0111\\u1ea1i. Mang \\u0111\\u1ebfn s\\u1ef1 sang tr\\u1ecdng, \\u0111\\u1eb3ng c\\u1ea5p cho ph\\u00f2ng kh\\u00e1ch nh\\u00e0 b\\u1ea1n.\",\"inLanguage\":\"vi\",\"potentialAction\":[{\"@type\":\"ReadAction\",\"target\":[\"https:\/\/noithatdinhchinh.vn\/?product=tu-ruou-mau-5\"]}]}]}<\/script>\n<!-- \/ Yoast SEO plugin. -->","_links":{"self":[{"href":"https:\/\/noithatdinhchinh.vn\/index.php?rest_route=\/wp\/v2\/product\/1530"}],"collection":[{"href":"https:\/\/noithatdinhchinh.vn\/index.php?rest_route=\/wp\/v2\/product"}],"about":[{"href":"https:\/\/noithatdinhchinh.vn\/index.php?rest_route=\/wp\/v2\/types\/product"}],"wp:featuredmedia":[{"embeddable":true,"href":"https:\/\/noithatdinhchinh.vn\/index.php?rest_route=\/wp\/v2\/media\/1532"}],"wp:attachment":[{"href":"https:\/\/noithatdinhchinh.vn\/index.php?rest_route=%2Fwp%2Fv2%2Fmedia&parent=1530"}],"curies":[{"name":"wp","href":"https:\/\/api.w.org\/{rel}","templated":true}]}}