{"id":1282,"date":"2020-06-29T00:04:41","date_gmt":"2020-06-28T17:04:41","guid":{"rendered":"https:\/\/noithatdinhchinh.vn\/?post_type=product&#038;p=1282"},"modified":"2020-07-03T00:54:03","modified_gmt":"2020-07-02T17:54:03","slug":"cau-thang-go-mau-4","status":"publish","type":"product","link":"https:\/\/noithatdinhchinh.vn\/?product=cau-thang-go-mau-4","title":{"rendered":"C\u1ea7u Thang G\u1ed7 M\u1eabu 4"},"content":{"rendered":"<h2 style=\"text-align: center;\"><span style=\"color: #ff0000;\"><strong>C\u1ea6U THANG G\u1ed6 \u0110\u1eb8P GI\u00c1 R\u1eba &#8211; N\u1ed8I TH\u1ea4T GIA \u0110\u00ccNH UY TIN &#8211; CH\u1ea4T L\u01af\u1ee2NG<\/strong><\/span><\/h2>\n<p>C\u1ea7u thang g\u1ed7 \u0111\u1eb9p gi\u00e1 r\u1ebb nh\u01b0ng v\u1eabn mang t\u00ednh th\u1ea9m m\u1ef9 cao v\u00e0 ch\u1ea5t l\u01b0\u1ee3ng tuy\u1ec7t v\u1eddi. S\u1ea3n ph\u1ea9m hi\u1ec7n \u0111ang<span style=\"font-size: 14.4px;\"> tr\u1edf th\u00e0nh xu h\u01b0\u1edbng l\u1ef1a ch\u1ecdn \u0111\u1ec3 l\u00e0m n\u1ed9i th\u1ea5t trong nhi\u1ec1u gia \u0111\u00ecnh. C\u1ea7u thang v\u1edbi thi\u1ebft k\u1ebf ch\u1eafc ch\u1eafn, hi\u1ec7n \u0111\u1ea1i l\u00e0 \u0111i\u1ec3m n\u1ed5i b\u1eadt cho c\u0103n nh\u00e0 c\u1ee7a b\u1ea1n. Kh\u00f4ng ph\u1ea3i t\u1ef1 nhi\u00ean m\u00e0 chi\u1ebfc c\u1ea7u thang \u0111\u01b0\u1ee3c xem l\u00e0 x\u01b0\u01a1ng s\u1ed1ng c\u1ee7a c\u0103n nh\u00e0. B\u1edfi c\u1ea7u thang gi\u00fap k\u1ebft n\u1ed1i c\u00e1c t\u1ea7ng l\u1ea1i v\u1edbi nhau. N\u00f3 \u0111\u1eb7c bi\u1ec7t c\u00f3 \u00fd ngh\u0129a to l\u1edbn trong phong th\u1ee7y v\u00e0 c\u1ea5u tr\u00fac.<\/span><\/p>\n<p>Trong nh\u1eefng c\u0103n nh\u00e0 c\u00f3 2 t\u1ea7ng tr\u1edf l\u00ean, c\u1ea7u thang l\u00e0 m\u1ed9t ph\u1ea7n ki\u1ebfn tr\u00fac kh\u00f4ng th\u1ec3 thi\u1ebfu. Vi\u1ec7c ch\u1ecdn l\u1ef1a ki\u1ec3u d\u00e1ng, thi\u1ebft k\u1ebf c\u1ee7a c\u1ea7u thang ph\u00f9 h\u1ee3p v\u1edbi ki\u1ebfn tr\u00fac ng\u00f4i nh\u00e0 th\u1eadt kh\u00f4ng d\u1ec5 d\u00e0ng. V\u1eady n\u00ean b\u1ea1n c\u1ea7n xem x\u00e9t th\u1eadt k\u1ef9 khi l\u1ef1a ch\u1ecdn m\u1eabu c\u1ea7u thang cho ng\u00f4i nh\u00e0.<\/p>\n<p>N\u1ebfu nh\u1eefng c\u0103n nh\u00e0, bi\u1ec7t th\u1ef1 c\u1ed5 \u0111i\u1ec3n th\u00ec l\u1ef1a ch\u1ecdn m\u1eabu c\u1ea7u thang v\u1edbi hoa v\u0103n tinh x\u1ea3o. C\u00f2n nh\u1eefng ng\u00f4i nh\u00e0 mang h\u01a1i h\u01b0\u1edbng hi\u1ec7n \u0111\u1ea1i, m\u1eabu c\u1ea7u thang \u0111\u01a1n gi\u1ea3n, m\u1ed9c m\u1ea1c s\u1ebd l\u00e0 s\u1ef1 l\u1ef1a ch\u1ecdn t\u1ed1i \u01b0u. N\u1ed9i Th\u1ea5t \u0110\u00ecnh Chinh s\u1ebd gi\u00fap b\u1ea1n l\u1ef1a ch\u1ecdn m\u1eabu c\u1ea7u thang ph\u00f9 h\u1ee3p v\u1edbi ng\u00f4i nh\u00e0. T\u01b0 v\u1ea5n t\u1eadn t\u00ecnh, mang \u0111\u1ebfn thi\u1ebft k\u1ebf ho\u00e0n h\u1ea3o cho ng\u00f4i nh\u00e0 c\u1ee7a b\u1ea1n.<\/p>\n<figure id=\"attachment_1284\" aria-describedby=\"caption-attachment-1284\" style=\"width: 600px\" class=\"wp-caption aligncenter\"><img decoding=\"async\" loading=\"lazy\" class=\"wp-image-1284 size-full\" src=\"https:\/\/noithatdinhchinh.vn\/wp-content\/uploads\/2020\/06\/cau-thang-go-dep-gia-re.jpg\" alt=\"C\u1ea7u Thang G\u1ed7 \u0110ep Gi\u00e1 R\u1ebb\" width=\"600\" height=\"581\" srcset=\"https:\/\/noithatdinhchinh.vn\/wp-content\/uploads\/2020\/06\/cau-thang-go-dep-gia-re.jpg 600w, https:\/\/noithatdinhchinh.vn\/wp-content\/uploads\/2020\/06\/cau-thang-go-dep-gia-re-413x400.jpg 413w\" sizes=\"(max-width: 600px) 100vw, 600px\" \/><figcaption id=\"caption-attachment-1284\" class=\"wp-caption-text\">C\u1ea7u Thang G\u1ed7 \u0110ep Gi\u00e1 R\u1ebb<\/figcaption><\/figure>\n<h2 style=\"text-align: center;\"><span style=\"color: #ff0000;\"><strong>S\u1ea2N PH\u1ea8M C\u1ea6U THANG G\u1ed6 \u0110\u1eb8P GI\u00c1 R\u1eba T\u1ea0I N\u1ed8I TH\u1ea4T \u0110\u00ccNH CHINH<\/strong><\/span><\/h2>\n<h3><span style=\"color: #008000;\"><em><b><span style=\"color: #000080;\">C\u1ea7u thang \u0111\u01b0\u1ee3c l\u00e0m t\u1eeb ch\u1ea5t li\u1ec7u g\u1ed7 t\u1ef1 nhi\u00ean ch\u1eafc ch\u1eafn, b\u1ec1n, \u0111\u1eb9p.<\/span>\u00a0<\/b><\/em><\/span><\/h3>\n<p>V\u1edbi ch\u1ea5t li\u1ec7u \u0111\u1ec1u l\u00e0 c\u00e1c lo\u1ea1i g\u1ed7 t\u1ef1 nhi\u00ean nh\u01b0: g\u1ed7 lim, g\u1ed7 \u0111\u1ecf, g\u1ed7 s\u1ed3i,&#8230;T\u1ea5t c\u1ea3 c\u00e1c s\u1ea3n ph\u1ea9m n\u1ed9i th\u1ea5t l\u00e0m b\u1eb1ng g\u1ed7 \u0111\u1ec1u c\u00f3 \u01b0u \u0111i\u1ec3m chung l\u00e0 \u0111\u1ed9 b\u1ec1n cao. G\u1ed7 t\u1ef1 nhi\u00ean v\u00f4 c\u00f9ng b\u1ec1n ch\u1eafc v\u00e0 c\u00f3 tu\u1ed5i th\u1ecd c\u1ef1c l\u00e2u. V\u00e0 n\u00f3 th\u01b0\u1eddng kh\u00f4ng b\u1ecb \u1ea3nh h\u01b0\u1edfng nhi\u1ec1u b\u1edfi th\u1eddi ti\u1ebft hay s\u1ef1 b\u00e0o m\u00f2n t\u1ef1 nhi\u00ean. V\u1edbi nh\u1eefng lo\u1ea1i g\u1ed7 hi\u1ebfm s\u1eed d\u1ee5ng \u0111\u1ec3 ch\u1ebf t\u00e1c l\u00e0m c\u1ea7u thang th\u00ec tu\u1ed5i th\u1ecd s\u1ea3n ph\u1ea9m s\u1ebd t\u0103ng c\u0169ng nh\u01b0 th\u1eddi h\u1ea1n s\u1eed d\u1ee5ng t\u0103ng.<\/p>\n<p>Ngo\u00e0i \u0111\u1ed9 b\u1ec1n cao, c\u1ea7u thang g\u1ed7 c\u0169ng mang l\u1ea1i c\u1ea3m gi\u00e1c an to\u00e0n cho ng\u01b0\u1eddi s\u1eed d\u1ee5ng b\u1edfi \u0111\u1ed9 ch\u1eafc ch\u1eafn c\u1ee7a s\u1ea3n ph\u1ea9m.<\/p>\n<h3><span style=\"color: #008000;\"><em><b><span style=\"color: #000080;\">C\u1ea7u thang g\u1ed7 \u0111\u1eb9p gi\u00e1 r\u1ebb nh\u01b0ng ch\u1ea5t l\u01b0\u1ee3ng kh\u00f4ng r\u1ebb mang \u0111\u1ebfn s\u1ef1 sang tr\u1ecdng, hi\u1ec7n \u0111\u1ea1i v\u00e0 t\u00ednh th\u1ea9m m\u1ef9 cao.<\/span><\/b><\/em><\/span><\/h3>\n<p><a href=\"https:\/\/noithatdinhchinh.vn\/shop\/cau-thang-go-mau-3\">C\u1ea7u thang g\u1ed7 gi\u00e1 r\u1ebb<\/a> l\u00e0m b\u1eb1ng g\u1ed7 t\u1ef1 nhi\u00ean l\u00e0 s\u1ef1 l\u1ef1a ch\u1ecdn ho\u00e0n h\u1ea3o cho kh\u00e1ch h\u00e0ng mu\u1ed1n ng\u00f4i nh\u00e0 tr\u1edf n\u00ean sang tr\u1ecdng, \u1ea5n t\u01b0\u1ee3ng v\u00e0 \u0111\u1eb3ng c\u1ea5p h\u01a1n.<\/p>\n<p>V\u1edbi m\u1ed7i lo\u1ea1i g\u1ed7 \u0111\u1ec1u mang m\u1ed9t v\u1ebb \u0111\u1eb9p ri\u00eang. C\u00f9ng v\u1edbi \u0111\u00f3 l\u00e0 s\u1ef1 kh\u00e1c bi\u1ec7t c\u1ee7a v\u00e2n g\u1ed7 v\u00e0 m\u00e0u s\u1eafc g\u1ed7. \u0110a s\u1ed1 c\u00e1c lo\u1ea1i g\u1ed7 mang nh\u1eefng gam m\u00e0u \u1ea5m, tr\u1ea7m, qu\u00fd ph\u00e1i. C\u1ea7u thang g\u1ed7 s\u1ebd l\u00e0 \u0111i\u1ec3m nh\u1ea5n n\u1ed9i th\u1ea5t trong thi\u1ebft k\u1ebf gi\u00fap ng\u00f4i nh\u00e0 c\u1ee7a b\u1ea1n tr\u1edf n\u00ean \u0111\u1eb7c bi\u1ec7t mang ch\u1ea5t ri\u00eang. B\u1edfi n\u00f3 mang nh\u1eefng \u0111\u01b0\u1eddng n\u00e9t \u0111\u1ed9c \u0111\u00e1o, s\u00e1ng t\u1ea1o.<\/p>\n<h3><span style=\"color: #000080;\"><em><b>C\u1ea7u thang g\u1ed7 t\u1ef1 nhi\u00ean gi\u00e1 r\u1ebb v\u1edbi thi\u1ebft k\u1ebf \u0111\u1eb9p m\u1eaft, tinh t\u1ebf, ph\u00f9 h\u1ee3p v\u1edbi ng\u00f4i nh\u00e0 c\u1ee7a b\u1ea1n.<\/b><\/em><\/span><\/h3>\n<p>Nhu c\u1ea7u l\u1ef1a ch\u1ecdn c\u1ea7u thang g\u1ed7 c\u1ee7a ng\u01b0\u1eddi ti\u00eau d\u00f9ng hi\u1ec7n nay ng\u00e0y c\u00e0ng t\u0103ng. Nhi\u1ec1u \u0111\u01a1n v\u1ecb \u0111\u00e3 \u0111\u01b0a ra nhi\u1ec1u m\u1eabu thi\u1ebft k\u1ebf \u0111\u1eb9p m\u1eaft, s\u00e1ng t\u1ea1o v\u00e0 \u0111\u00f4i khi c\u00f2n \u0111\u1ed9c l\u1ea1.<\/p>\n<p>\u0110\u1ebfn v\u1edbi N\u1ed9i Th\u1ea5t \u0110\u00ecnh Chinh, b\u1ea1n s\u1ebd tho\u1ea3i m\u00e1i l\u1ef1a ch\u1ecdn nh\u1eefng s\u1ea3n ph\u1ea9m \u0111\u1eb9p &#8211; \u0111\u1ed9c &#8211; l\u1ea1 t\u1ea1i \u0111\u00e2y. Kh\u00e1c bi\u1ec7t v\u1edbi c\u00e1c s\u1ea3n ph\u1ea9m c\u1ea7u thang c\u1ee7a c\u00e1c \u0111\u01a1n v\u1ecb tr\u00ean th\u1ecb tr\u01b0\u1eddng. V\u1edbi nh\u1eefng s\u1ea3n ph\u1ea9m c\u1ea7u thang l\u00e0m t\u1eeb g\u1ed7 t\u1ef1 nhi\u00ean m\u1ed9c m\u1ea1c nguy\u00ean thu\u1ef7. Hay ch\u1ea5t li\u1ec7u g\u1ed7 \u0111\u01b0\u1ee3c \u0111i\u1ec3m t\u00f4 b\u1eb1ng nhi\u1ec1u m\u00e0u s\u1eafc kh\u00e1c nhau. Gia ch\u1ee7 c\u0169ng c\u00f3 th\u1ec3 k\u1ebft h\u1ee3p ki\u1ec3u d\u00e1ng c\u1ea7u thang g\u1ed7 t\u1ef1 nhi\u00ean c\u00f9ng v\u1edbi lan can k\u00ednh. S\u1ea3n ph\u1ea9m s\u1ebd mang \u0111\u1ebfn m\u1ed9t l\u00e0n gi\u00f3 m\u1edbi l\u1ea1 cho kh\u00f4ng gian ng\u00f4i nh\u00e0 c\u1ee7a b\u1ea1n.<\/p>\n<p>\u0110\u1eb7c bi\u1ec7t v\u1edbi nh\u1eefng m\u1eabu c\u1ea7u thang g\u1ed7 trong c\u00e1c bi\u1ec7t th\u1ef1 cao c\u1ea5p, kh\u00f4ng gian sang tr\u1ecdng, r\u1ed9ng l\u1edbn. C\u1ea7u thang s\u1ebd \u0111\u01b0\u1ee3c thi\u1ebft k\u1ebf t\u1ec9 m\u1ec9 v\u00e0 c\u1ea7u k\u1ef3 \u0111\u1ebfn t\u1eebng chi ti\u1ebft nh\u1ecf, mang \u0111\u1ebfn v\u1ebb \u0111\u1eb9p tinh t\u1ebf, thu h\u00fat. Nh\u1eefng m\u1eabu m\u00e3 ng\u00e0y c\u00e0ng \u0111a d\u1ea1ng v\u00e0 phong ph\u00fa. Do \u0111\u00f3, ng\u01b0\u1eddi ti\u00eau d\u00f9ng s\u1ebd kh\u00f4ng ph\u1ea3i lo l\u1eafng v\u1ec1 thi\u1ebft k\u1ebf c\u1ee7a c\u1ea7u thang g\u1ed7 c\u1ed5 \u0111i\u1ec3n n\u1eefa. Ngo\u00e0i c\u00e1c c\u0103n nh\u00e0, bi\u1ec7t th\u1ef1 th\u00ec qu\u00e1n c\u00e0 ph\u00ea, nh\u00e0 h\u00e0ng sang tr\u1ecdng c\u0169ng l\u1ef1a ch\u1ecdn c\u00e1c m\u1eabu c\u1ea7u thang g\u1ed7 \u0111\u1ec3 g\u00e2y \u1ea5n t\u01b0\u1ee3ng cho kh\u00f4ng gian kinh doanh c\u1ee7a m\u00ecnh.<\/p>\n<h2 style=\"text-align: center;\"><span style=\"color: #ff0000;\"><strong>L\u00dd DO N\u00caN CH\u1eccN N\u1ed8I TH\u1ea4T \u0110\u00ccNH CHINH CUNG C\u1ea4P C\u1ea6U THANG G\u1ed6<\/strong><\/span><\/h2>\n<ul>\n<li class=\"bullet-checkmark\">N\u00f3i\u00a0<b>KH\u00d4NG<\/b>\u00a0v\u1edbi h\u00e0ng k\u00e9m ch\u1ea5t l\u01b0\u1ee3ng.<\/li>\n<li class=\"bullet-checkmark\"><strong>Gi\u00e1 g\u1ed1c<\/strong>\u00a0t\u1ea1i X\u01b0\u1edfng kh\u00f4ng qua trung gian. Gi\u00e1 lu\u00f4n r\u1ebb nh\u1ea5t th\u1ecb tr\u01b0\u1eddng<\/li>\n<li class=\"bullet-checkmark\">\u0110a d\u1ea1ng m\u1eabu m\u00e3, ch\u1ee7ng lo\u1ea1i<\/li>\n<li class=\"bullet-checkmark\">S\u1ea3n xu\u1ea5t v\u00e0 thi c\u00f4ng theo y\u00eau c\u1ea7u c\u1ee7a kh\u00e1ch.<\/li>\n<li class=\"bullet-checkmark\">Kh\u00e1ch c\u00f3 th\u1ec3 xem \u1ea3nh, video qu\u00e1 tr\u00ecnh s\u1ea3n xu\u1ea5t t\u1ea1i x\u01b0\u1edfng.<\/li>\n<li class=\"bullet-checkmark\">100% s\u1ea3n ph\u1ea9m \u0111\u01b0\u1ee3c l\u00e0m b\u1eb1ng\u00a0<strong>g\u1ed7 t\u1ef1 nhi\u00ean<\/strong>\u00a0\u0111\u00e3 qua t\u1ea9m s\u1ea5y, ch\u1ed1ng cong v\u00eanh, m\u1ed1i m\u1ecdt.<\/li>\n<li class=\"bullet-checkmark\">Nh\u1eadn \u0111\u1eb7t h\u00e0ng theo y\u00eau c\u1ea7u. \u0110\u1ea3m b\u1ea3o g\u1ed7 t\u1ed1t, g\u1ed7 th\u1eadt 100%. Ho\u00e0n thi\u1ec7n t\u1ec9 m\u1ec9, \u0111\u1eb9p kh\u00f4ng th\u1ec3 ch\u00ea.<\/li>\n<li class=\"bullet-checkmark\">Giao h\u00e0ng v\u00e0 thanh to\u00e1n t\u1eadn nh\u00e0 tr\u00ean to\u00e0n qu\u1ed1c.<\/li>\n<\/ul>\n<p>N\u1ed9i Th\u1ea5t \u0110\u00ecnh Chinh chuy\u00ean thi\u1ebft k\u1ebf \u0111\u1ed3 g\u1ed7 theo y\u00eau c\u1ea7u. Nh\u01b0 c\u00e1c lo\u1ea1i c\u1ea7u thang g\u1ed7 v\u1edbi c\u00e1c thi\u1ebft k\u1ebf c\u1ed5 \u0111i\u1ec3n, hi\u1ec7n \u0111\u1ea1i, t\u00e2n c\u1ed5 \u0111i\u1ec3n,..Hay c\u00e1c ki\u1ec3u d\u00e1ng c\u1ea7u thang: x\u01b0\u01a1ng c\u00e1, d\u00e2y \u0111\u00e0n,&#8230; Ki\u1ec3u d\u00e1ng, m\u1eabu m\u00e3 s\u1ea3n ph\u1ea9m t\u00f9y v\u00e0o l\u1ef1a ch\u1ecdn c\u1ee7a kh\u00e1ch h\u00e0ng. Lu\u00f4n mang \u0111\u1ebfn s\u1ef1 h\u00e0i l\u00f2ng cho kh\u00e1ch h\u00e0ng. Li\u00ean h\u1ec7 ngay \u0111\u1ec3 \u0111\u01b0\u1ee3c nh\u1eadn t\u01b0 v\u1ea5n c\u00e1c s\u1ea3n ph\u1ea9m n\u1ed9i th\u1ea5t ph\u00f9 h\u1ee3p cho ng\u00f4i nh\u00e0 c\u1ee7a b\u1ea1n.<\/p>\n<p class=\"has-block tooltipstered\"><strong>N\u1ed8I TH\u1ea4T \u0110\u00ccNH CHINH<\/strong><\/p>\n<p>\u2013 Hotline:\u00a00785.961.489<\/p>\n<p>\u2013 Email:\u00a0Xuongnoithatdinhchinh@gmail.com<\/p>\n<p>\u2013 \u0110\u1ecba ch\u1ec9:\u00a020\/7 Ph\u01b0\u1eddng \u0110\u00f4ng H\u00f2a , Th\u1ecb X\u00e3 D\u0129 An , B\u00ecnh D\u01b0\u01a1ng<\/p>\n","protected":false},"excerpt":{"rendered":"<p>C\u1ea7u thang g\u1ed7 \u0111\u01b0\u1ee3c l\u00e0m ho\u00e0n to\u00e0n b\u1eb1ng g\u1ed7 t\u1ef1 nhi\u00ean nh\u01b0 g\u1ed7 xoan, g\u1ed7 s\u1ed3i, g\u1ed7 \u00f3c ch\u00f3\u2026 v\u00e0 c\u00e1c lo\u1ea1i g\u1ed7 kh\u00e1c. Mang \u0111\u1ebfn s\u1ef1 sang tr\u1ecdng, v\u1edbi c\u00e1c thi\u1ebft k\u1ebf c\u1ed5 \u0111i\u1ec3n v\u00e0 hi\u1ec7n \u0111\u1ea1i s\u1ebd gi\u00fap kh\u00f4ng gian nh\u00e0 b\u1ea1n \u0111\u1eb3ng c\u1ea5p v\u00e0 \u0111\u1eb9p h\u01a1n. Ph\u00f9 h\u1ee3p v\u1edbi nhi\u1ec1u kh\u00f4ng gian ph\u00f2ng kh\u00e1ch kh\u00e1c nhau, v\u00e0 \u0111ang \u0111\u01b0\u1ee3c nhi\u1ec1u gia \u0111\u00ecnh l\u1ef1a ch\u1ecdn.<\/p>\n<div role=\"form\" class=\"wpcf7\" id=\"wpcf7-f10-o1\" lang=\"en-US\" dir=\"ltr\">\n<div class=\"screen-reader-response\" role=\"alert\" aria-live=\"polite\"><\/div>\n<form action=\"\/index.php?rest_route=%2Fwp%2Fv2%2Fproduct%2F1282#wpcf7-f10-o1\" method=\"post\" class=\"wpcf7-form init\" novalidate=\"novalidate\">\n<div style=\"display: none;\">\n<input type=\"hidden\" name=\"_wpcf7\" value=\"10\" \/>\n<input type=\"hidden\" name=\"_wpcf7_version\" value=\"5.2.2\" \/>\n<input type=\"hidden\" name=\"_wpcf7_locale\" value=\"en_US\" \/>\n<input type=\"hidden\" name=\"_wpcf7_unit_tag\" value=\"wpcf7-f10-o1\" \/>\n<input type=\"hidden\" name=\"_wpcf7_container_post\" value=\"0\" \/>\n<input type=\"hidden\" name=\"_wpcf7_posted_data_hash\" value=\"\" \/>\n<\/div>\n<p><span style=\"font-size: 160%; color: #ed1c24;\">Y\u00caU C\u1ea6U T\u01af V\u1ea4N<\/span><\/p>\n<p>Ch\u00fang t\u00f4i s\u1ebd li\u00ean h\u1ec7 l\u1ea1i ngay khi nh\u1eadn \u0111\u01b0\u1ee3c y\u00eau c\u1ea7u c\u1ee7a qu\u00fd kh\u00e1ch!<\/p>\n<hr>\n<span class=\"wpcf7-form-control-wrap hoten\"><input type=\"text\" name=\"hoten\" value=\"\" size=\"40\" class=\"wpcf7-form-control wpcf7-text wpcf7-validates-as-required\" aria-required=\"true\" aria-invalid=\"false\" placeholder=\"H\u1ecd v\u00e0 t\u00ean\" \/><\/span><br \/>\n<span class=\"wpcf7-form-control-wrap email\"><input type=\"email\" name=\"email\" value=\"\" size=\"40\" class=\"wpcf7-form-control wpcf7-text wpcf7-email wpcf7-validates-as-email\" aria-invalid=\"false\" placeholder=\"Email c\u1ee7a b\u1ea1n\" \/><\/span><br \/>\n<span class=\"wpcf7-form-control-wrap sdt\"><input type=\"tel\" name=\"sdt\" value=\"\" size=\"40\" class=\"wpcf7-form-control wpcf7-text wpcf7-tel wpcf7-validates-as-required wpcf7-validates-as-tel\" aria-required=\"true\" aria-invalid=\"false\" placeholder=\"S\u1ed1 \u0111i\u1ec7n tho\u1ea1i c\u1ee7a b\u1ea1n\" \/><\/span><br \/>\n<input type=\"submit\" value=\"G\u1ecdi L\u1ea1i Ngay\" class=\"wpcf7-form-control wpcf7-submit\" \/><br \/>\n<span class=\"wpcf7-form-control-wrap sanpham\"><input type=\"hidden\" name=\"sanpham\" value=\"C\u1ea7u Thang G\u1ed7 M\u1eabu 4\" size=\"40\" class=\"wpcf7-form-control wpcf7dtx-dynamictext wpcf7-dynamichidden\" aria-invalid=\"false\" \/><\/span><\/p>\n<div class=\"wpcf7-response-output\" role=\"alert\" aria-hidden=\"true\"><\/div><\/form><\/div>\n","protected":false},"featured_media":1284,"template":"","meta":[],"yoast_head":"<!-- This site is optimized with the Yoast SEO plugin v15.0 - https:\/\/yoast.com\/wordpress\/plugins\/seo\/ -->\n<title>C\u1ea7u Thang G\u1ed7 \u0110\u1eb9p Gi\u00e1 R\u1ebb - N\u1ed9i Th\u1ea5t Gia \u0110\u00ecnh Uy T\u00edn - Ch\u1ea5t L\u01b0\u1ee3ng<\/title>\n<meta name=\"description\" content=\"Chuy\u00ean thi\u1ebft k\u1ebf n\u1ed9i th\u1ea5t g\u1ed7 t\u1ef1 nhi\u00ean cao c\u1ea5p: b\u00e0n gh\u1ebf g\u1ed7, t\u1ee7 k\u1ec7 tivi, v\u00e0 c\u00e1c m\u1eabu c\u1ea7u thang g\u1ed7 v\u1edbi c\u00e1c ki\u1ec3u d\u00e1ng c\u1ed5 \u0111i\u1ec3n, hi\u1ec7n \u0111\u1ea1i,...\u0111\u1eb9p, gi\u00e1 r\u1ebb, uy t\u00edn.\" \/>\n<meta name=\"robots\" content=\"index, follow, max-snippet:-1, max-image-preview:large, max-video-preview:-1\" \/>\n<link rel=\"canonical\" href=\"https:\/\/noithatdinhchinh.vn\/?product=cau-thang-go-mau-4\" \/>\n<meta property=\"og:locale\" content=\"vi_VN\" \/>\n<meta property=\"og:type\" content=\"article\" \/>\n<meta property=\"og:title\" content=\"C\u1ea7u Thang G\u1ed7 \u0110\u1eb9p Gi\u00e1 R\u1ebb - N\u1ed9i Th\u1ea5t Gia \u0110\u00ecnh Uy T\u00edn - Ch\u1ea5t L\u01b0\u1ee3ng\" \/>\n<meta property=\"og:description\" content=\"Chuy\u00ean thi\u1ebft k\u1ebf n\u1ed9i th\u1ea5t g\u1ed7 t\u1ef1 nhi\u00ean cao c\u1ea5p: b\u00e0n gh\u1ebf g\u1ed7, t\u1ee7 k\u1ec7 tivi, v\u00e0 c\u00e1c m\u1eabu c\u1ea7u thang g\u1ed7 v\u1edbi c\u00e1c ki\u1ec3u d\u00e1ng c\u1ed5 \u0111i\u1ec3n, hi\u1ec7n \u0111\u1ea1i,...\u0111\u1eb9p, gi\u00e1 r\u1ebb, uy t\u00edn.\" \/>\n<meta property=\"og:url\" content=\"https:\/\/noithatdinhchinh.vn\/?product=cau-thang-go-mau-4\" \/>\n<meta property=\"og:site_name\" content=\"noithatdinhchinh\" \/>\n<meta property=\"article:modified_time\" content=\"2020-07-02T17:54:03+00:00\" \/>\n<meta property=\"og:image\" content=\"https:\/\/noithatdinhchinh.vn\/wp-content\/uploads\/2020\/06\/cau-thang-go-dep-gia-re.jpg\" \/>\n\t<meta property=\"og:image:width\" content=\"600\" \/>\n\t<meta property=\"og:image:height\" content=\"581\" \/>\n<meta name=\"twitter:card\" content=\"summary_large_image\" \/>\n<script type=\"application\/ld+json\" class=\"yoast-schema-graph\">{\"@context\":\"https:\/\/schema.org\",\"@graph\":[{\"@type\":\"WebSite\",\"@id\":\"https:\/\/noithatdinhchinh.vn\/#website\",\"url\":\"https:\/\/noithatdinhchinh.vn\/\",\"name\":\"noithatdinhchinh\",\"description\":\"\",\"potentialAction\":[{\"@type\":\"SearchAction\",\"target\":\"https:\/\/noithatdinhchinh.vn\/?s={search_term_string}\",\"query-input\":\"required name=search_term_string\"}],\"inLanguage\":\"vi\"},{\"@type\":\"ImageObject\",\"@id\":\"https:\/\/noithatdinhchinh.vn\/?product=cau-thang-go-mau-4#primaryimage\",\"inLanguage\":\"vi\",\"url\":\"https:\/\/noithatdinhchinh.vn\/wp-content\/uploads\/2020\/06\/cau-thang-go-dep-gia-re.jpg\",\"width\":600,\"height\":581,\"caption\":\"C\\u1ea7u Thang G\\u1ed7 \\u0110ep Gi\\u00e1 R\\u1ebb\"},{\"@type\":\"WebPage\",\"@id\":\"https:\/\/noithatdinhchinh.vn\/?product=cau-thang-go-mau-4#webpage\",\"url\":\"https:\/\/noithatdinhchinh.vn\/?product=cau-thang-go-mau-4\",\"name\":\"C\\u1ea7u Thang G\\u1ed7 \\u0110\\u1eb9p Gi\\u00e1 R\\u1ebb - N\\u1ed9i Th\\u1ea5t Gia \\u0110\\u00ecnh Uy T\\u00edn - Ch\\u1ea5t L\\u01b0\\u1ee3ng\",\"isPartOf\":{\"@id\":\"https:\/\/noithatdinhchinh.vn\/#website\"},\"primaryImageOfPage\":{\"@id\":\"https:\/\/noithatdinhchinh.vn\/?product=cau-thang-go-mau-4#primaryimage\"},\"datePublished\":\"2020-06-28T17:04:41+00:00\",\"dateModified\":\"2020-07-02T17:54:03+00:00\",\"description\":\"Chuy\\u00ean thi\\u1ebft k\\u1ebf n\\u1ed9i th\\u1ea5t g\\u1ed7 t\\u1ef1 nhi\\u00ean cao c\\u1ea5p: b\\u00e0n gh\\u1ebf g\\u1ed7, t\\u1ee7 k\\u1ec7 tivi, v\\u00e0 c\\u00e1c m\\u1eabu c\\u1ea7u thang g\\u1ed7 v\\u1edbi c\\u00e1c ki\\u1ec3u d\\u00e1ng c\\u1ed5 \\u0111i\\u1ec3n, hi\\u1ec7n \\u0111\\u1ea1i,...\\u0111\\u1eb9p, gi\\u00e1 r\\u1ebb, uy t\\u00edn.\",\"inLanguage\":\"vi\",\"potentialAction\":[{\"@type\":\"ReadAction\",\"target\":[\"https:\/\/noithatdinhchinh.vn\/?product=cau-thang-go-mau-4\"]}]}]}<\/script>\n<!-- \/ Yoast SEO plugin. -->","_links":{"self":[{"href":"https:\/\/noithatdinhchinh.vn\/index.php?rest_route=\/wp\/v2\/product\/1282"}],"collection":[{"href":"https:\/\/noithatdinhchinh.vn\/index.php?rest_route=\/wp\/v2\/product"}],"about":[{"href":"https:\/\/noithatdinhchinh.vn\/index.php?rest_route=\/wp\/v2\/types\/product"}],"wp:featuredmedia":[{"embeddable":true,"href":"https:\/\/noithatdinhchinh.vn\/index.php?rest_route=\/wp\/v2\/media\/1284"}],"wp:attachment":[{"href":"https:\/\/noithatdinhchinh.vn\/index.php?rest_route=%2Fwp%2Fv2%2Fmedia&parent=1282"}],"curies":[{"name":"wp","href":"https:\/\/api.w.org\/{rel}","templated":true}]}}