{"id":1208,"date":"2020-05-14T20:20:18","date_gmt":"2020-05-14T13:20:18","guid":{"rendered":"https:\/\/noithatdinhchinh.vn\/?post_type=product&#038;p=1208"},"modified":"2020-07-20T00:42:45","modified_gmt":"2020-07-19T17:42:45","slug":"tu-ke-tivi-mau-8","status":"publish","type":"product","link":"https:\/\/noithatdinhchinh.vn\/?product=tu-ke-tivi-mau-8","title":{"rendered":"T\u1ee7 K\u1ec7 Tivi M\u1eabu 8"},"content":{"rendered":"<h2 style=\"text-align: center;\"><span style=\"color: #ff0000;\"><strong>T\u1ee6 TIVI G\u1ed6 T\u1ef0 NHI\u00caN &#8211; \u0110\u1ed2 G\u1ed6 PH\u00d2NG KH\u00c1CH HI\u1ec6N \u0110\u1ea0I<\/strong><\/span><\/h2>\n<p>T\u1ee7 tivi g\u1ed7 t\u1ef1 nhi\u00ean l\u00e0 m\u1ed9t trong nh\u1eefng \u0111\u1ed3 trang tr\u00ed n\u1ed9i th\u1ea5t kh\u00f4ng th\u1ec3 thi\u1ebfu cho ng\u00f4i nh\u00e0 c\u1ee7a b\u1ea1n. \u0110\u1eb7c bi\u1ec7t l\u00e0 trong kh\u00f4ng gian ph\u00f2ng kh\u00e1ch. B\u1edfi t\u1ee7 k\u1ec7 \u0111\u1ec3 tivi kh\u00f4ng \u0111\u01a1n thu\u1ea7n ch\u1ec9 c\u00f3 ch\u1ee9c n\u0103ng \u0111\u1ec3 tivi. M\u00e0 n\u00f3 c\u00f2n \u0111\u00f3ng vai tr\u00f2 l\u00e0m \u0111i\u1ec3m nh\u1ea5n \u0111\u1ed9c \u0111\u00e1o trong gian ph\u00f2ng b\u00e0y tr\u00ed. Kh\u00f4ng gian n\u1ed9i th\u1ea5t nh\u00e0 b\u1ea1n s\u1ebd tr\u1edf n\u00ean n\u1ed5i b\u1eadt h\u01a1n khi \u0111\u01b0\u1ee3c b\u1ed1 tr\u00ed th\u00eam chi\u1ebfc t\u1ee7 \u0111\u1ec3 tivi thi\u1ebft k\u1ebf \u0111\u1eb9p m\u1eaft.<\/p>\n<p>Kh\u00f4ng gian ph\u00f2ng kh\u00e1ch l\u00e0 &#8220;b\u1ed9 m\u1eb7t&#8221; cho gia ch\u1ee7. M\u1ed9t chi\u1ebfc k\u1ec7 tivi \u0111\u1eb9p hi\u1ec7n \u0111\u1ea1i s\u1ebd t\u1ea1o n\u00ean v\u1ebb sang tr\u1ecdng, \u0111\u1eb3ng c\u1ea5p cho c\u0103n h\u1ed9 c\u1ee7a b\u1ea1n.<\/p>\n<p>Tuy nhi\u00ean, kh\u00f4ng ph\u1ea3i ai c\u0169ng l\u1ef1a ch\u1ecdn \u0111\u01b0\u1ee3c m\u1eabu k\u1ec7 tivi ph\u00f9 h\u1ee3p v\u1edbi ph\u00f2ng kh\u00e1ch c\u1ee7a gia \u0111\u00ecnh. M\u1eabu t\u1ee7 \u0111\u1ec3 tivi \u0111\u01a1n gi\u1ea3n ph\u00f9 h\u1ee3p v\u1edbi kh\u00f4ng gian ng\u00f4i nh\u00e0. Nh\u1eb1m mang t\u1edbi s\u1ef1 ti\u1ec7n nghi v\u00e0 v\u1ebb \u0111\u1eb9p sang tr\u1ecdng, tinh t\u1ebf. \u0110\u1ebfn v\u1edbi N\u1ed9i Th\u1ea5t \u0110\u00ecnh Chinh, b\u1ea1n s\u1ebd nh\u1eadn \u0111\u01b0\u1ee3c s\u1ef1 t\u01b0 v\u1ea5n nhi\u1ec7t t\u00ecnh. Mang \u0111\u1ebfn nh\u1eefng m\u1eabu s\u1ea3n ph\u1ea9m t\u1ee7 k\u1ec7 tivi ch\u1ea5t li\u1ec7u g\u1ed7 t\u1ef1 nhi\u00ean cao c\u1ea5p. V\u1edbi \u0111a d\u1ea1ng ki\u1ec3u d\u00e1ng t\u1eeb c\u1ed5 \u0111i\u1ec3n \u0111\u1ebfn hi\u1ec7n \u0111\u1ea1i, thi\u1ebft k\u1ebf \u0111\u1eb9p m\u1eaft cho b\u1ea1n l\u1ef1a ch\u1ecdn.<\/p>\n<figure id=\"attachment_1209\" aria-describedby=\"caption-attachment-1209\" style=\"width: 800px\" class=\"wp-caption aligncenter\"><img decoding=\"async\" loading=\"lazy\" class=\"wp-image-1209 size-full\" src=\"https:\/\/noithatdinhchinh.vn\/wp-content\/uploads\/2020\/05\/tu-tivi-go-tu-nhien.jpg\" alt=\"T\u1ee7 Tivi G\u1ed7 T\u1ef1 Nhi\u00ean\" width=\"800\" height=\"736\" srcset=\"https:\/\/noithatdinhchinh.vn\/wp-content\/uploads\/2020\/05\/tu-tivi-go-tu-nhien.jpg 800w, https:\/\/noithatdinhchinh.vn\/wp-content\/uploads\/2020\/05\/tu-tivi-go-tu-nhien-600x552.jpg 600w\" sizes=\"(max-width: 800px) 100vw, 800px\" \/><figcaption id=\"caption-attachment-1209\" class=\"wp-caption-text\">T\u1ee7 Tivi G\u1ed7 T\u1ef1 Nhi\u00ean<\/figcaption><\/figure>\n<h3 style=\"text-align: center;\"><strong><span style=\"color: #000080;\">\u01afU \u0110I\u1ec2M C\u1ee6A T\u1ee6 TIVI G\u1ed6 T\u1ef0 NHI\u00caN T\u1ea0I N\u1ed8I TH\u1ea4T \u0110\u00ccNH CHINH<\/span><\/strong><\/h3>\n<h4><span style=\"color: #008000;\"><em><strong>T\u1ee7 k\u1ec7 tivi ph\u00f2ng kh\u00e1ch \u0111\u01b0\u1ee3c l\u00e0m t\u1eeb ch\u1ea5t li\u1ec7u g\u1ed7 t\u1ef1 nhi\u00ean cao c\u1ea5p, b\u1ec1n, ch\u1eafc ch\u1eafn<\/strong><\/em><\/span><em style=\"color: #008000; font-size: 14.4px;\"><strong>.<\/strong><\/em><\/h4>\n<p>V\u1edbi ch\u1ea5t li\u1ec7u 100% t\u1eeb g\u1ed7 t\u1ef1 nhi\u00ean nh\u01b0: g\u1ed7 s\u1ed3i, g\u1ed7 \u00f3c ch\u00f3, g\u1ed7 h\u01b0\u01a1ng,&#8230;\u0110\u00e2y \u0111\u1ec1u l\u00e0 nh\u1eefng lo\u1ea1i g\u1ed7 t\u1ed1t \u0111\u01b0\u1ee3c ch\u1ecdn l\u1ef1a. Sau \u0111\u00f3 \u0111\u01b0\u1ee3c gia c\u00f4ng t\u1ea9m s\u1ea5y, ch\u1ed1ng \u1ea9m k\u0129 l\u01b0\u1ee3ng. V\u00ec v\u1eady, nh\u1eefng k\u1ec7 tivi b\u1eb1ng g\u1ed7 c\u00f3 th\u1ec3 ch\u1ed1ng m\u1ed1i m\u1ecdt v\u00e0 cong v\u00eanh r\u1ea5t t\u1ed1t.<\/p>\n<h4><span style=\"color: #008000;\"><em><strong>T\u1ee7 tivi g\u1ed7 t\u1ef1 nhi\u00ean mang phong c\u00e1ch hi\u1ec7n \u0111\u1ea1i v\u1edbi ki\u1ec3u d\u00e1ng \u0111\u01a1n gi\u1ea3n, thi\u1ebft k\u1ebf m\u1edbi l\u1ea1, hoa v\u0103n tinh t\u1ebf.\u00a0<\/strong><\/em><\/span><\/h4>\n<p>T\u00f9y thu\u1ed9c v\u00e0o di\u1ec7n t\u00edch c\u0103n ph\u00f2ng, h\u00ecnh kh\u1ed1i kh\u00f4ng gian ph\u00f2ng kh\u00e1ch c\u1ee7a gia \u0111\u00ecnh. \u0110\u1ec3 l\u1ef1a ch\u1ecdn m\u1ed9t chi\u1ebfc k\u1ec7 tivi ph\u00f9 h\u1ee3p. Ki\u1ec3u d\u00e1ng \u0111a d\u1ea1ng t\u1eeb c\u1ed5 \u0111i\u1ec3n \u0111\u1ebfn hi\u1ec7n \u0111\u1ea1i. M\u1eabu k\u1ec7 hi\u1ec7n \u0111\u1ea1i th\u01b0\u1eddng c\u00f3 thi\u1ebft k\u1ebf m\u1edbi l\u1ea1, ti\u1ec7n l\u1ee3i. K\u1ec7 t\u00edch h\u1ee3p nhi\u1ec1u c\u00e1c ch\u1ee9c n\u0103ng kh\u00e1c nhau nh\u1eb1m t\u1ed1i \u0111a h\u00f3a kh\u00f4ng gian. Nh\u1eefng m\u1eabu k\u1ec7 c\u1ed5 \u0111i\u1ec3n th\u01b0\u1eddng c\u00f3 ch\u1ea1m tr\u1ed5 nhi\u1ec1u hoa v\u0103n, ph\u00f9 h\u1ee3p v\u1edbi xu h\u01b0\u1edbng thi\u1ebft k\u1ebf ph\u00f2ng kh\u00e1ch mang h\u01a1i h\u01b0\u1edbng ho\u00e0i c\u1ed5.<\/p>\n<p>N\u1ed9i Th\u1ea5t \u0110\u00ecnh Chinh thi\u1ebft k\u1ebf t\u1ee7 k\u1ec7 v\u1edbi k\u00edch th\u01b0\u1edbc, m\u1eabu m\u00e3, \u0111\u00e1p \u1ee9ng m\u1ecdi y\u00eau c\u1ea7u c\u1ee7a kh\u00e1ch h\u00e0ng. L\u00e0m h\u00e0i l\u00f2ng ngay c\u1ea3 nh\u1eefng kh\u00e1ch h\u00e0ng kh\u00f3 t\u00ednh nh\u1ea5t.<\/p>\n<h4><span style=\"color: #008000;\"><em><strong>K\u1ec7 \u0111\u1ec3 tivi \u0111\u1eb9p, sang tr\u1ecdng, l\u00e0m n\u1ed5i b\u1eadt l\u00ean n\u1ed9i th\u1ea5t c\u0103n ph\u00f2ng.<\/strong><\/em><\/span><\/h4>\n<p>\u0110\u1eb9p t\u1eeb ki\u1ec3u d\u00e1ng \u0111\u1ebfn thi\u1ebft k\u1ebf, c\u00f9ng v\u1edbi ch\u1ea5t l\u01b0\u1ee3ng g\u1ed7 t\u1ed1t. S\u1eed d\u1ee5ng m\u00e0u g\u1ed7 tr\u1ea7m \u1ea5m sang tr\u1ecdng v\u1edbi thi\u1ebft k\u1ebf hi\u1ec7n \u0111\u1ea1i s\u1ebd gi\u00fap kh\u00f4ng gian nh\u00e0 b\u1ea1n \u0111\u1eb3ng c\u1ea5p v\u00e0 \u0111\u1eb9p h\u01a1n. Nh\u1eefng h\u1ecda ti\u1ebft trang tr\u00ed tinh t\u1ebf, ch\u1ea1m kh\u1eafc tinh x\u1ea3o. Thi\u1ebft k\u1ebf v\u1edbi nh\u1eefng chi ti\u1ebft \u0111\u1ed9c \u0111\u00e1o \u0111\u1ec3 lu\u00f4n mang \u0111\u1ebfn nh\u1eefng s\u1ea3n ph\u1ea9m \u0111\u1eb9p nh\u1ea5t \u0111\u1ebfn v\u1edbi ng\u01b0\u1eddi d\u00f9ng.<\/p>\n<h4><span style=\"color: #008000;\"><em><strong>K\u1ec7 tivi ki\u1ec3u d\u00e1ng \u0111\u01a1n gi\u1ea3n \u0111\u01b0\u1ee3c thi\u1ebft k\u1ebf th\u00f4ng minh, \u0111a n\u0103ng k\u1ebft h\u1ee3p nhi\u1ec1u c\u00f4ng n\u0103ng gi\u00fap ti\u1ebft ki\u1ec7m kh\u00f4ng gian m\u1ed9t c\u00e1ch ti\u1ec7n l\u1ee3i.<\/strong><\/em><\/span><\/h4>\n<p>K\u1ec7 tivi \u0111\u01b0\u1ee3c thi\u1ebft k\u1ebf v\u1edbi b\u00e0n k\u00ea l\u00e0 m\u1ed9t kh\u1ed1i g\u1ed7 li\u1ec1n ch\u1eafc ch\u1eafc. M\u1eb7t k\u1ec7 d\u00e0i, r\u1ed9ng n\u00ean ngo\u00e0i vi\u1ec7c \u0111\u1ec3 tivi c\u00f2n c\u00f3 th\u1ec3 \u0111\u1ec3 th\u00eam b\u1ed9 loa. Ho\u1eb7c c\u00f3 th\u1ec3 trang tr\u00ed b\u1eb1ng c\u00e1ch b\u00e0y nh\u1eefng b\u00ecnh hoa xinh x\u1eafn t\u1ea1o \u0111i\u1ec3m nh\u1ea5n cho c\u0103n ph\u00f2ng. Hay nh\u1eefng t\u1ea5m \u1ea3nh k\u1ec9 ni\u1ec7m c\u1ee7a c\u1ea3 gia \u0111\u00ecnh, nh\u1eefng b\u1ee9c tranh xinh x\u1eafn, thu h\u00fat ng\u01b0\u1eddi nh\u00ecn.<\/p>\n<p>B\u00ean d\u01b0\u1edbi c\u00f3 nh\u1eefng ng\u0103n k\u00e9o nh\u1ecf \u0111\u1ef1ng \u0111\u1ed3, ti\u1ec7n l\u1ee3i, \u0111\u1ec3 \u0111\u1ef1ng di\u1ec1u khi\u1ec3n tivi, \u0111i\u1ec1u h\u00f2a. Hay m\u1ed9t v\u00e0i cu\u1ed1n s\u00e1ch, t\u1ea1p ch\u00ed hay \u0111\u1ecdc. Nh\u1eefng v\u1eadt d\u1ee5ng nh\u1ecf th\u01b0\u1eddng xuy\u00ean d\u00f9ng, d\u1ec5 b\u1ecb m\u1ea5t, th\u00ec nh\u1eefng ng\u0103n k\u00e9o l\u00e0 s\u1ef1 l\u1ef1a ch\u1ecdn tuy\u1ec7t v\u1eddi.<\/p>\n<h4><em><span style=\"color: #008000;\"><strong>K\u1ec7 g\u1ed7 \u0111\u1ec3 tivi ph\u00f2ng kh\u00e1ch \u0111\u1eb9p cho ph\u00f2ng kh\u00e1ch t\u1ea1o n\u00ean s\u1ef1 hi\u1ec7n \u0111\u1ea1i v\u00e0 ti\u1ec7n nghi<\/strong><\/span><\/em><\/h4>\n<p>K\u1ec7 tivi l\u00e0 m\u1ed9t ph\u1ea7n kh\u00f4ng th\u1ec3 t\u00e1ch r\u1eddi trong n\u1ed9i th\u1ea5t ph\u00f2ng kh\u00e1ch. \u0110i li\u1ec1n b\u1ed9 b\u00e0n gh\u1ebf ph\u00f2ng kh\u00e1ch b\u1edfi n\u00f3 \u0111\u01b0\u1ee3c xem l\u00e0 t\u00e2m \u0111i\u1ec3m c\u1ee7a kh\u00f4ng gian n\u00e0y. M\u1ed9t chi\u1ebfc k\u1ec7 tivi \u0111\u1eb9p hi\u1ec7n \u0111\u1ea1i s\u1ebd t\u1ea1o n\u00ean v\u1ebb sang tr\u1ecdng, \u0111\u1eb3ng c\u1ea5p cho c\u0103n h\u1ed9 c\u1ee7a b\u1ea1n. N\u00f3 c\u0169ng ch\u00ednh l\u00e0 \u0111i\u1ec3m nh\u1ea5n cho thi\u1ebft b\u1ecb truy\u1ec1n h\u00ecnh c\u1ee7a gia \u0111\u00ecnh. Tr\u00e1nh s\u1ef1 l\u1ea1c l\u00f5ng v\u00e0 \u0111\u01a1n \u0111i\u1ec7u trong b\u1ed1 c\u1ee5c ph\u00f2ng kh\u00e1ch.<\/p>\n<h3 style=\"text-align: center;\"><span style=\"color: #000080;\"><strong>L\u00dd DO N\u00caN CH\u1eccN N\u1ed8I TH\u1ea4T \u0110\u00ccNH CHINH CUNG C\u1ea4P T\u1ee6 K\u1ec6 TIVI G\u1ed6<\/strong><\/span><\/h3>\n<ul>\n<li class=\"bullet-checkmark\">N\u00f3i\u00a0<b>KH\u00d4NG<\/b>\u00a0v\u1edbi h\u00e0ng k\u00e9m ch\u1ea5t l\u01b0\u1ee3ng.<\/li>\n<li class=\"bullet-checkmark\"><strong>Gi\u00e1 g\u1ed1c<\/strong>\u00a0t\u1ea1i X\u01b0\u1edfng kh\u00f4ng qua trung gian. Gi\u00e1 lu\u00f4n r\u1ebb nh\u1ea5t th\u1ecb tr\u01b0\u1eddng<\/li>\n<li class=\"bullet-checkmark\">\u0110a d\u1ea1ng m\u1eabu m\u00e3, ch\u1ee7ng lo\u1ea1i<\/li>\n<li class=\"bullet-checkmark\">S\u1ea3n xu\u1ea5t v\u00e0 thi c\u00f4ng theo y\u00eau c\u1ea7u c\u1ee7a kh\u00e1ch.<\/li>\n<li class=\"bullet-checkmark\">Kh\u00e1ch c\u00f3 th\u1ec3 xem \u1ea3nh, video qu\u00e1 tr\u00ecnh s\u1ea3n xu\u1ea5t t\u1ea1i x\u01b0\u1edfng.<\/li>\n<li class=\"bullet-checkmark\">100% s\u1ea3n ph\u1ea9m \u0111\u01b0\u1ee3c l\u00e0m b\u1eb1ng\u00a0<strong>g\u1ed7 t\u1ef1 nhi\u00ean<\/strong>\u00a0\u0111\u00e3 qua t\u1ea9m s\u1ea5y, ch\u1ed1ng cong v\u00eanh, m\u1ed1i m\u1ecdt.<\/li>\n<li class=\"bullet-checkmark\">Nh\u1eadn \u0111\u1eb7t h\u00e0ng theo y\u00eau c\u1ea7u. \u0110\u1ea3m b\u1ea3o g\u1ed7 t\u1ed1t, g\u1ed7 th\u1eadt 100%. Ho\u00e0n thi\u1ec7n t\u1ec9 m\u1ec9, \u0111\u1eb9p kh\u00f4ng th\u1ec3 ch\u00ea.<\/li>\n<li class=\"bullet-checkmark\">Giao h\u00e0ng v\u00e0 thanh to\u00e1n t\u1eadn nh\u00e0 tr\u00ean to\u00e0n qu\u1ed1c.<\/li>\n<\/ul>\n<p>N\u1ed9i Th\u1ea5t \u0110\u00ecnh Chinh chuy\u00ean thi\u1ebft k\u1ebf n\u1ed9i th\u1ea5t g\u1ed7 theo y\u00eau c\u1ea7u. Nh\u01b0 c\u00e1c lo\u1ea1i t\u1ee7 k\u1ec7 tivi cho ph\u00f2ng kh\u00e1ch: t\u1ee7 k\u1ec7 tivi \u0111\u01a1n gi\u1ea3n, t\u1ee7 k\u1ec7 tivi hi\u1ec7n \u0111\u1ea1i, k\u1ec7 tivi ki\u1ec3u c\u1ed5 \u0111i\u1ec3n, t\u1ee7 k\u1ec7 tivi nguy\u00ean kh\u1ed1i,&#8230;\u0111\u01b0\u1ee3c l\u00e0m ho\u00e0n to\u00e0n b\u1eb1ng g\u1ed7 t\u1ef1 nhi\u00ean. Ki\u1ec3u d\u00e1ng, m\u1eabu m\u00e3 s\u1ea3n ph\u1ea9m t\u00f9y v\u00e0o l\u1ef1a ch\u1ecdn c\u1ee7a kh\u00e1ch h\u00e0ng. Lu\u00f4n mang \u0111\u1ebfn s\u1ef1 h\u00e0i l\u00f2ng cho kh\u00e1ch h\u00e0ng. Li\u00ean h\u1ec7 ngay \u0111\u1ec3 \u0111\u01b0\u1ee3c nh\u1eadn t\u01b0 v\u1ea5n c\u00e1c s\u1ea3n ph\u1ea9m n\u1ed9i th\u1ea5t ph\u00f9 h\u1ee3p cho ng\u00f4i nh\u00e0 c\u1ee7a b\u1ea1n.<\/p>\n<p class=\"has-block tooltipstered\"><strong>N\u1ed8I TH\u1ea4T \u0110\u00ccNH CHINH<\/strong><\/p>\n<p>\u2013 Hotline:\u00a00785.961.489<\/p>\n<p>\u2013 Email:\u00a0Xuongnoithatdinhchinh@gmail.com<\/p>\n<p>\u2013 \u0110\u1ecba ch\u1ec9:\u00a020\/7 Ph\u01b0\u1eddng \u0110\u00f4ng H\u00f2a , Th\u1ecb X\u00e3 D\u0129 An , B\u00ecnh D\u01b0\u01a1ng<\/p>\n","protected":false},"excerpt":{"rendered":"<p>T\u1ee7 k\u1ec7 tivi \u0111\u01b0\u1ee3c l\u00e0m ho\u00e0n to\u00e0n b\u1eb1ng g\u1ed7 t\u1ef1 nhi\u00ean nh\u01b0 g\u1ed7 xoan, g\u1ed7 s\u1ed3i, g\u1ed7 \u00f3c ch\u00f3\u2026 v\u00e0 c\u00e1c lo\u1ea1i g\u1ed7 kh\u00e1c. Mang \u0111\u1ebfn s\u1ef1 sang tr\u1ecdng, v\u1edbi thi\u1ebft k\u1ebf hi\u1ec7n \u0111\u1ea1i s\u1ebd gi\u00fap kh\u00f4ng gian nh\u00e0 b\u1ea1n \u0111\u1eb3ng c\u1ea5p v\u00e0 \u0111\u1eb9p h\u01a1n. Ph\u00f9 h\u1ee3p v\u1edbi nhi\u1ec1u kh\u00f4ng gian ph\u00f2ng kh\u00e1ch kh\u00e1c nhau, v\u00e0 \u0111ang \u0111\u01b0\u1ee3c nhi\u1ec1u gia \u0111\u00ecnh l\u1ef1a ch\u1ecdn l\u00e0m n\u1ed9i th\u1ea5t.<\/p>\n<div role=\"form\" class=\"wpcf7\" id=\"wpcf7-f10-o1\" lang=\"en-US\" dir=\"ltr\">\n<div class=\"screen-reader-response\" role=\"alert\" aria-live=\"polite\"><\/div>\n<form action=\"\/index.php?rest_route=%2Fwp%2Fv2%2Fproduct%2F1208#wpcf7-f10-o1\" method=\"post\" class=\"wpcf7-form init\" novalidate=\"novalidate\">\n<div style=\"display: none;\">\n<input type=\"hidden\" name=\"_wpcf7\" value=\"10\" \/>\n<input type=\"hidden\" name=\"_wpcf7_version\" value=\"5.2.2\" \/>\n<input type=\"hidden\" name=\"_wpcf7_locale\" value=\"en_US\" \/>\n<input type=\"hidden\" name=\"_wpcf7_unit_tag\" value=\"wpcf7-f10-o1\" \/>\n<input type=\"hidden\" name=\"_wpcf7_container_post\" value=\"0\" \/>\n<input type=\"hidden\" name=\"_wpcf7_posted_data_hash\" value=\"\" \/>\n<\/div>\n<p><span style=\"font-size: 160%; color: #ed1c24;\">Y\u00caU C\u1ea6U T\u01af V\u1ea4N<\/span><\/p>\n<p>Ch\u00fang t\u00f4i s\u1ebd li\u00ean h\u1ec7 l\u1ea1i ngay khi nh\u1eadn \u0111\u01b0\u1ee3c y\u00eau c\u1ea7u c\u1ee7a qu\u00fd kh\u00e1ch!<\/p>\n<hr>\n<span class=\"wpcf7-form-control-wrap hoten\"><input type=\"text\" name=\"hoten\" value=\"\" size=\"40\" class=\"wpcf7-form-control wpcf7-text wpcf7-validates-as-required\" aria-required=\"true\" aria-invalid=\"false\" placeholder=\"H\u1ecd v\u00e0 t\u00ean\" \/><\/span><br \/>\n<span class=\"wpcf7-form-control-wrap email\"><input type=\"email\" name=\"email\" value=\"\" size=\"40\" class=\"wpcf7-form-control wpcf7-text wpcf7-email wpcf7-validates-as-email\" aria-invalid=\"false\" placeholder=\"Email c\u1ee7a b\u1ea1n\" \/><\/span><br \/>\n<span class=\"wpcf7-form-control-wrap sdt\"><input type=\"tel\" name=\"sdt\" value=\"\" size=\"40\" class=\"wpcf7-form-control wpcf7-text wpcf7-tel wpcf7-validates-as-required wpcf7-validates-as-tel\" aria-required=\"true\" aria-invalid=\"false\" placeholder=\"S\u1ed1 \u0111i\u1ec7n tho\u1ea1i c\u1ee7a b\u1ea1n\" \/><\/span><br \/>\n<input type=\"submit\" value=\"G\u1ecdi L\u1ea1i Ngay\" class=\"wpcf7-form-control wpcf7-submit\" \/><br \/>\n<span class=\"wpcf7-form-control-wrap sanpham\"><input type=\"hidden\" name=\"sanpham\" value=\"T\u1ee7 K\u1ec7 Tivi M\u1eabu 8\" size=\"40\" class=\"wpcf7-form-control wpcf7dtx-dynamictext wpcf7-dynamichidden\" aria-invalid=\"false\" \/><\/span><\/p>\n<div class=\"wpcf7-response-output\" role=\"alert\" aria-hidden=\"true\"><\/div><\/form><\/div>\n","protected":false},"featured_media":1209,"template":"","meta":[],"yoast_head":"<!-- This site is optimized with the Yoast SEO plugin v15.0 - https:\/\/yoast.com\/wordpress\/plugins\/seo\/ -->\n<title>T\u1ee7 Tivi G\u1ed7 T\u1ef1 Nhi\u00ean - \u0110\u1ed3 G\u1ed7 Ph\u00f2ng Kh\u00e1ch Hi\u1ec7n \u0110\u1ea1i<\/title>\n<meta name=\"description\" content=\"Cung c\u1ea5p t\u1ee7 k\u1ec7 \u0111\u1ec3 tivi t\u1eeb c\u00e1c lo\u1ea1i g\u1ed7 t\u1ef1 nhi\u00ean nh\u01b0: g\u1ed7 s\u1ed3i, g\u1ed7 \u00f3c ch\u00f3,...mang phong c\u00e1ch \u0111\u01a1n gi\u1ea3n, c\u1ed5 \u0111i\u1ec3n, hi\u1ec7n \u0111\u1ea1i,... t\u00f9y theo nhu c\u1ea7u c\u1ee7a kh\u00e1ch h\u00e0ng\" \/>\n<meta name=\"robots\" content=\"index, follow, max-snippet:-1, max-image-preview:large, max-video-preview:-1\" \/>\n<link rel=\"canonical\" href=\"https:\/\/noithatdinhchinh.vn\/?product=tu-ke-tivi-mau-8\" \/>\n<meta property=\"og:locale\" content=\"vi_VN\" \/>\n<meta property=\"og:type\" content=\"article\" \/>\n<meta property=\"og:title\" content=\"T\u1ee7 Tivi G\u1ed7 T\u1ef1 Nhi\u00ean - \u0110\u1ed3 G\u1ed7 Ph\u00f2ng Kh\u00e1ch Hi\u1ec7n \u0110\u1ea1i\" \/>\n<meta property=\"og:description\" content=\"Cung c\u1ea5p t\u1ee7 k\u1ec7 \u0111\u1ec3 tivi t\u1eeb c\u00e1c lo\u1ea1i g\u1ed7 t\u1ef1 nhi\u00ean nh\u01b0: g\u1ed7 s\u1ed3i, g\u1ed7 \u00f3c ch\u00f3,...mang phong c\u00e1ch \u0111\u01a1n gi\u1ea3n, c\u1ed5 \u0111i\u1ec3n, hi\u1ec7n \u0111\u1ea1i,... t\u00f9y theo nhu c\u1ea7u c\u1ee7a kh\u00e1ch h\u00e0ng\" \/>\n<meta property=\"og:url\" content=\"https:\/\/noithatdinhchinh.vn\/?product=tu-ke-tivi-mau-8\" \/>\n<meta property=\"og:site_name\" content=\"noithatdinhchinh\" \/>\n<meta property=\"article:modified_time\" content=\"2020-07-19T17:42:45+00:00\" \/>\n<meta property=\"og:image\" content=\"https:\/\/noithatdinhchinh.vn\/wp-content\/uploads\/2020\/05\/tu-tivi-go-tu-nhien.jpg\" \/>\n\t<meta property=\"og:image:width\" content=\"800\" \/>\n\t<meta property=\"og:image:height\" content=\"736\" \/>\n<meta name=\"twitter:card\" content=\"summary_large_image\" \/>\n<script type=\"application\/ld+json\" class=\"yoast-schema-graph\">{\"@context\":\"https:\/\/schema.org\",\"@graph\":[{\"@type\":\"WebSite\",\"@id\":\"https:\/\/noithatdinhchinh.vn\/#website\",\"url\":\"https:\/\/noithatdinhchinh.vn\/\",\"name\":\"noithatdinhchinh\",\"description\":\"\",\"potentialAction\":[{\"@type\":\"SearchAction\",\"target\":\"https:\/\/noithatdinhchinh.vn\/?s={search_term_string}\",\"query-input\":\"required name=search_term_string\"}],\"inLanguage\":\"vi\"},{\"@type\":\"ImageObject\",\"@id\":\"https:\/\/noithatdinhchinh.vn\/?product=tu-ke-tivi-mau-8#primaryimage\",\"inLanguage\":\"vi\",\"url\":\"https:\/\/noithatdinhchinh.vn\/wp-content\/uploads\/2020\/05\/tu-tivi-go-tu-nhien.jpg\",\"width\":800,\"height\":736,\"caption\":\"T\\u1ee7 Tivi G\\u1ed7 T\\u1ef1 Nhi\\u00ean\"},{\"@type\":\"WebPage\",\"@id\":\"https:\/\/noithatdinhchinh.vn\/?product=tu-ke-tivi-mau-8#webpage\",\"url\":\"https:\/\/noithatdinhchinh.vn\/?product=tu-ke-tivi-mau-8\",\"name\":\"T\\u1ee7 Tivi G\\u1ed7 T\\u1ef1 Nhi\\u00ean - \\u0110\\u1ed3 G\\u1ed7 Ph\\u00f2ng Kh\\u00e1ch Hi\\u1ec7n \\u0110\\u1ea1i\",\"isPartOf\":{\"@id\":\"https:\/\/noithatdinhchinh.vn\/#website\"},\"primaryImageOfPage\":{\"@id\":\"https:\/\/noithatdinhchinh.vn\/?product=tu-ke-tivi-mau-8#primaryimage\"},\"datePublished\":\"2020-05-14T13:20:18+00:00\",\"dateModified\":\"2020-07-19T17:42:45+00:00\",\"description\":\"Cung c\\u1ea5p t\\u1ee7 k\\u1ec7 \\u0111\\u1ec3 tivi t\\u1eeb c\\u00e1c lo\\u1ea1i g\\u1ed7 t\\u1ef1 nhi\\u00ean nh\\u01b0: g\\u1ed7 s\\u1ed3i, g\\u1ed7 \\u00f3c ch\\u00f3,...mang phong c\\u00e1ch \\u0111\\u01a1n gi\\u1ea3n, c\\u1ed5 \\u0111i\\u1ec3n, hi\\u1ec7n \\u0111\\u1ea1i,... t\\u00f9y theo nhu c\\u1ea7u c\\u1ee7a kh\\u00e1ch h\\u00e0ng\",\"inLanguage\":\"vi\",\"potentialAction\":[{\"@type\":\"ReadAction\",\"target\":[\"https:\/\/noithatdinhchinh.vn\/?product=tu-ke-tivi-mau-8\"]}]}]}<\/script>\n<!-- \/ Yoast SEO plugin. -->","_links":{"self":[{"href":"https:\/\/noithatdinhchinh.vn\/index.php?rest_route=\/wp\/v2\/product\/1208"}],"collection":[{"href":"https:\/\/noithatdinhchinh.vn\/index.php?rest_route=\/wp\/v2\/product"}],"about":[{"href":"https:\/\/noithatdinhchinh.vn\/index.php?rest_route=\/wp\/v2\/types\/product"}],"wp:featuredmedia":[{"embeddable":true,"href":"https:\/\/noithatdinhchinh.vn\/index.php?rest_route=\/wp\/v2\/media\/1209"}],"wp:attachment":[{"href":"https:\/\/noithatdinhchinh.vn\/index.php?rest_route=%2Fwp%2Fv2%2Fmedia&parent=1208"}],"curies":[{"name":"wp","href":"https:\/\/api.w.org\/{rel}","templated":true}]}}